{"id":1219,"date":"2014-11-10T16:04:33","date_gmt":"2014-11-10T13:04:33","guid":{"rendered":"http:\/\/segurofacilbrasil.com.br\/newsite\/?page_id=1219"},"modified":"2020-07-09T23:46:38","modified_gmt":"2020-07-09T20:46:38","slug":"assistencia-24-horas","status":"publish","type":"page","link":"https:\/\/segurofacilbrasil.com.br\/newsite\/assistencia-24-horas\/","title":{"rendered":"Assist\u00eancia 24 horas"},"content":{"rendered":"<h2 style=\"text-align: center;\">Conhe\u00e7a a Assist\u00eancia 24 horas de sua Seguradora:<\/h2>\n<p style=\"text-align: center;\">Todas as Seguradoras oferecem o Servi\u00e7o de Assist\u00eancia 24 Horas para seus Segurados.<\/p>\n<p style=\"text-align: center;\">Veja abaixo os telefones para contatar em caso de emerg\u00eancia.<\/p>\n<table border=\"0\" width=\"100%\" cellspacing=\"0\" cellpadding=\"15\" align=\"center\">\n<tbody>\n<tr style=\"text-align: center;\">\n<td><img decoding=\"async\" src=\"http:\/\/segurofacilbrasil.com.br\/newsite\/wp-content\/uploads\/2014\/11\/Porto_Seguro_Logo-e1418150311203.jpg\" alt=\"\" width=\"100\" height=\"131\" \/><\/p>\n<p>(Grande S\u00e3o Paulo e Grande Rio)<br \/>\n<strong>3337-6786<br \/>\n<\/strong>(Capitais e grandes centros)<br \/>\n<strong>4004-76786<br \/>\n<\/strong>(Outras Localidades)<br \/>\n<strong style=\"font-family: inherit; font-size: inherit; line-height: 1.5;\">0800-727-0800<\/strong><\/td>\n<td><img decoding=\"async\" class=\"\" src=\"http:\/\/segurofacilbrasil.com.br\/newsite\/wp-content\/uploads\/2014\/11\/itau-e1418150704882.jpg\" alt=\"\" width=\"131\" height=\"113\" \/><\/p>\n<p>(Capitais)<br \/>\n<strong>3003-1001<br \/>\n<\/strong>(Outras Localidades)<br \/>\n<strong>0800 720 1001<\/strong><\/td>\n<td><img decoding=\"async\" src=\"http:\/\/segurofacilbrasil.com.br\/newsite\/wp-content\/uploads\/2014\/11\/seguro-auto-azul-e1418150867628.jpeg\" alt=\"\" width=\"100\" height=\"104\" \/><\/p>\n<p>(Capitais e grandes centros)<br \/>\n<strong>4004-3700<br \/>\n<\/strong>(Outras Localidades)<br \/>\n<strong>0800-703-0203<\/strong><\/td>\n<td><img decoding=\"async\" class=\"\" src=\"http:\/\/segurofacilbrasil.com.br\/newsite\/wp-content\/uploads\/2014\/11\/135699-e1418151096263.jpg\" alt=\"\" width=\"178\" height=\"126\" \/><br \/>\n(Capitais)<br \/>\n<strong>4004-5423<br \/>\n<\/strong>(Outras Localidades)<br \/>\n<strong>0800 7014120<\/strong><\/td>\n<\/tr>\n<tr style=\"text-align: center;\">\n<td><a href=\"http:\/\/segurofacilbrasil.com.br\/newsite\/wp-content\/uploads\/2014\/07\/sompo_seguros-e1469729302378.png\"><img decoding=\"async\" class=\"aligncenter wp-image-10098\" src=\"http:\/\/segurofacilbrasil.com.br\/newsite\/wp-content\/uploads\/2014\/07\/sompo_seguros-300x107.png\" alt=\"sompo_seguros\" width=\"193\" height=\"69\" \/><\/a><br \/>\n<strong>0800 016 2727<br \/>\n<\/strong>(assist\u00eancia vidros)<br \/>\n<strong>0800 707 7376<\/strong><\/td>\n<td><img decoding=\"async\" src=\"http:\/\/segurofacilbrasil.com.br\/newsite\/wp-content\/uploads\/2014\/12\/logo_mapfre.jpg\" alt=\"\" width=\"207\" height=\"45\" \/><\/p>\n<p>(Capitais)<br \/>\n<strong>4002-1000<br \/>\n<\/strong>(Outras Localidades)<br \/>\n<strong>0800 7751000<\/strong><\/td>\n<td><img decoding=\"async\" src=\"http:\/\/segurofacilbrasil.com.br\/newsite\/wp-content\/uploads\/2014\/12\/logo_bradesco.jpg\" alt=\"\" width=\"124\" height=\"124\" \/><\/p>\n<p>(Capitais)<br \/>\n<strong>4004-2757<br \/>\n<\/strong>(Outras Localidades)<br \/>\n<strong>0800 701 2757<\/strong><\/td>\n<td><img decoding=\"async\" src=\"http:\/\/segurofacilbrasil.com.br\/newsite\/wp-content\/uploads\/2014\/12\/logo_sulamerica.jpg\" alt=\"\" width=\"197\" height=\"75\" \/><br \/>\n(Capitais)<br \/>\n<strong>4004-4100<br \/>\n<\/strong>(Outras Localidades)<br \/>\n<strong>0800-7274100<\/strong><\/td>\n<\/tr>\n<tr style=\"text-align: center;\">\n<td><img decoding=\"async\" class=\"\" src=\"http:\/\/segurofacilbrasil.com.br\/newsite\/wp-content\/uploads\/2014\/12\/tokio-marine-seguros.jpg\" alt=\"\" width=\"91\" height=\"81\" \/><\/p>\n<p><strong>0800 7751000<\/strong><\/td>\n<td><img decoding=\"async\" src=\"http:\/\/segurofacilbrasil.com.br\/newsite\/wp-content\/uploads\/2014\/12\/logo_allianz.jpg\" alt=\"\" width=\"191\" height=\"49\" \/><strong><br \/>\n0800-1307000<\/strong><\/td>\n<td><img decoding=\"async\" src=\"http:\/\/segurofacilbrasil.com.br\/newsite\/wp-content\/uploads\/2014\/12\/logo-zurich-e1418732470139.jpg\" alt=\"\" width=\"160\" height=\"112\" \/><br \/>\n(Capitais)<br \/>\n<strong>0800-7071666<br \/>\n<\/strong>(assist\u00eancia vidros)<br \/>\n<strong>0800-2854141<\/strong><\/td>\n<td><img decoding=\"async\" src=\"http:\/\/segurofacilbrasil.com.br\/newsite\/wp-content\/uploads\/2014\/12\/logo_ituran.jpg\" alt=\"\" width=\"140\" height=\"100\" \/><\/p>\n<p><strong>0800-153600<\/strong><\/td>\n<\/tr>\n<tr style=\"text-align: center;\">\n<td><strong><img decoding=\"async\" class=\"aligncenter wp-image-16471\" src=\"https:\/\/segurofacilbrasil.com.br\/newsite\/wp-content\/uploads\/2014\/11\/aliro-texto-300x189.png\" alt=\"aliro-texto\" width=\"157\" height=\"99\" \/><\/strong><\/p>\n<p><strong>0800 770 1318<\/strong><\/td>\n<td><img decoding=\"async\" class=\"aligncenter size-full wp-image-9234\" src=\"http:\/\/segurofacilbrasil.com.br\/newsite\/wp-content\/uploads\/2014\/11\/Generali-e1464891459316.jpg\" alt=\"Generali\" width=\"250\" height=\"192\" \/><br \/>\n(Capitais)<br \/>\n<strong>3004 58 58<br \/>\n<\/strong>(Outras Localidades)<br \/>\n<strong>0800-7070211<\/strong><\/td>\n<td><img decoding=\"async\" class=\"aligncenter wp-image-9235 size-full\" src=\"http:\/\/segurofacilbrasil.com.br\/newsite\/wp-content\/uploads\/2014\/11\/Logo-HDI-e1464892364648.jpg\" width=\"130\" height=\"97\" \/><br \/>\n(Capitais)<br \/>\n<strong>3003-5390<br \/>\n<\/strong>(Outras Localidades)<br \/>\n<strong>0800-434-4340<\/strong><\/td>\n<td><a href=\"http:\/\/segurofacilbrasil.com.br\/newsite\/wp-content\/uploads\/2014\/11\/suhai.jpg\"><img decoding=\"async\" class=\"aligncenter wp-image-9238 size-thumbnail\" src=\"http:\/\/segurofacilbrasil.com.br\/newsite\/wp-content\/uploads\/2014\/11\/suhai-150x150.jpg\" width=\"150\" height=\"150\" srcset=\"https:\/\/segurofacilbrasil.com.br\/newsite\/wp-content\/uploads\/2014\/11\/suhai-66x66.jpg 66w, https:\/\/segurofacilbrasil.com.br\/newsite\/wp-content\/uploads\/2014\/11\/suhai-150x150.jpg 150w, https:\/\/segurofacilbrasil.com.br\/newsite\/wp-content\/uploads\/2014\/11\/suhai.jpg 200w\" sizes=\"(max-width: 150px) 100vw, 150px\" \/><\/a><strong><br \/>\n0800 3278424<\/strong><\/td>\n<\/tr>\n<tr style=\"text-align: center;\">\n<td><a href=\"http:\/\/segurofacilbrasil.com.br\/newsite\/wp-content\/uploads\/2014\/11\/aig.png\"><img decoding=\"async\" class=\"aligncenter wp-image-9239 size-full\" src=\"http:\/\/segurofacilbrasil.com.br\/newsite\/wp-content\/uploads\/2014\/11\/aig.png\" width=\"160\" height=\"86\" \/><\/a><br \/>\n<strong>0800 7100089<\/strong><\/td>\n<td><a href=\"http:\/\/segurofacilbrasil.com.br\/newsite\/wp-content\/uploads\/2014\/11\/berkley-600x323.jpg\"><img decoding=\"async\" class=\"aligncenter wp-image-9240 \" src=\"http:\/\/segurofacilbrasil.com.br\/newsite\/wp-content\/uploads\/2014\/11\/berkley-600x323-150x150.jpg\" width=\"150\" height=\"151\" srcset=\"https:\/\/segurofacilbrasil.com.br\/newsite\/wp-content\/uploads\/2014\/11\/berkley-600x323-66x66.jpg 66w, https:\/\/segurofacilbrasil.com.br\/newsite\/wp-content\/uploads\/2014\/11\/berkley-600x323-150x150.jpg 150w, https:\/\/segurofacilbrasil.com.br\/newsite\/wp-content\/uploads\/2014\/11\/berkley-600x323.jpg 600w\" sizes=\"(max-width: 150px) 100vw, 150px\" \/><\/a><br \/>\n<strong>0800 7700797<\/strong><\/td>\n<td><a href=\"https:\/\/segurofacilbrasil.com.br\/newsite\/wp-content\/uploads\/2016\/09\/download.png\"><img decoding=\"async\" class=\"alignnone wp-image-11246\" src=\"https:\/\/segurofacilbrasil.com.br\/newsite\/wp-content\/uploads\/2016\/09\/download.png\" alt=\"download\" width=\"108\" height=\"110\" srcset=\"https:\/\/segurofacilbrasil.com.br\/newsite\/wp-content\/uploads\/2016\/09\/download-66x66.png 66w, https:\/\/segurofacilbrasil.com.br\/newsite\/wp-content\/uploads\/2016\/09\/download.png 225w\" sizes=\"(max-width: 108px) 100vw, 108px\" \/><\/a><\/p>\n<p>(Capitais)<\/p>\n<p><strong>3004-1010<\/strong><\/p>\n<p>(Outras Localidades)<\/p>\n<p><strong>0800 0041010<\/strong><\/td>\n<td><img decoding=\"async\" class=\"alignnone size-medium\" src=\"http:\/\/segurofacilbrasil.com.br\/newsite\/wp-content\/uploads\/01.png\" alt=\"\" width=\"170\" height=\"100\" \/><br \/>\n<strong>0800 555 235<\/strong><br \/>\n<strong>0800 709 8059<\/strong><\/td>\n<\/tr>\n<tr style=\"text-align: center;\">\n<td><img decoding=\"async\" class=\"alignnone size-medium\" src=\"http:\/\/segurofacilbrasil.com.br\/newsite\/wp-content\/uploads\/02.png\" alt=\"\" width=\"170\" height=\"100\" \/><br \/>\n<strong>0800 774 0772<\/strong><\/td>\n<td><\/td>\n<td><\/td>\n<td><\/td>\n<\/tr>\n<\/tbody>\n<\/table>\n","protected":false},"excerpt":{"rendered":"<p>Conhe\u00e7a a Assist\u00eancia 24 horas de sua Seguradora: Todas as Seguradoras oferecem o Servi\u00e7o de Assist\u00eancia 24 Horas para seus Segurados. Veja abaixo os telefones para contatar em caso de emerg\u00eancia. (Grande S\u00e3o Paulo e Grande Rio) 3337-6786 (Capitais e grandes centros) 4004-76786 (Outras Localidades) 0800-727-0800 (Capitais) 3003-1001 (Outras Localidades) 0800 720 1001 (Capitais e [&hellip;]<\/p>\n","protected":false},"author":1,"featured_media":0,"parent":0,"menu_order":0,"comment_status":"open","ping_status":"open","template":"","meta":{"_exactmetrics_skip_tracking":false,"_exactmetrics_sitenote_active":false,"_exactmetrics_sitenote_note":"","_exactmetrics_sitenote_category":0,"_joinchat":[],"footnotes":""},"class_list":["post-1219","page","type-page","status-publish","hentry"],"yoast_head":"<!-- This site is optimized with the Yoast SEO plugin v23.2 - https:\/\/yoast.com\/wordpress\/plugins\/seo\/ -->\n<title>Assist\u00eancia 24 horas - Seguro de carros - Seguro F\u00e1cil Brasil<\/title>\n<meta name=\"description\" content=\"Assist\u00eancia 24 horas; Azul; Porto Seguro; Bradesco; Ita\u00fa; Liberty; Allianz; Mapfre; Tokio Marine; Ituran; Berkley; Chubb; AIG; Generalli; Sompo; HDI; AIG\" \/>\n<meta name=\"robots\" content=\"index, follow, max-snippet:-1, max-image-preview:large, max-video-preview:-1\" \/>\n<link rel=\"canonical\" href=\"https:\/\/segurofacilbrasil.com.br\/newsite\/assistencia-24-horas\/\" \/>\n<meta property=\"og:locale\" content=\"pt_BR\" \/>\n<meta property=\"og:type\" content=\"article\" \/>\n<meta property=\"og:title\" content=\"Assist\u00eancia 24 horas - Seguro de carros - Seguro F\u00e1cil Brasil\" \/>\n<meta property=\"og:description\" content=\"Assist\u00eancia 24 horas; Azul; Porto Seguro; Bradesco; Ita\u00fa; Liberty; Allianz; Mapfre; Tokio Marine; Ituran; Berkley; Chubb; AIG; Generalli; Sompo; HDI; AIG\" \/>\n<meta property=\"og:url\" content=\"https:\/\/segurofacilbrasil.com.br\/newsite\/assistencia-24-horas\/\" \/>\n<meta property=\"og:site_name\" content=\"Seguro de carros - Seguro F\u00e1cil Brasil\" \/>\n<meta property=\"article:modified_time\" content=\"2020-07-09T20:46:38+00:00\" \/>\n<meta property=\"og:image\" content=\"http:\/\/segurofacilbrasil.com.br\/newsite\/wp-content\/uploads\/2014\/11\/Porto_Seguro_Logo-e1418150311203.jpg\" \/>\n<meta name=\"twitter:label1\" content=\"Est. tempo de leitura\" \/>\n\t<meta name=\"twitter:data1\" content=\"1 minuto\" \/>\n<script type=\"application\/ld+json\" class=\"yoast-schema-graph\">{\"@context\":\"https:\/\/schema.org\",\"@graph\":[{\"@type\":\"WebPage\",\"@id\":\"https:\/\/segurofacilbrasil.com.br\/newsite\/assistencia-24-horas\/\",\"url\":\"https:\/\/segurofacilbrasil.com.br\/newsite\/assistencia-24-horas\/\",\"name\":\"Assist\u00eancia 24 horas - Seguro de carros - Seguro F\u00e1cil Brasil\",\"isPartOf\":{\"@id\":\"https:\/\/segurofacilbrasil.com.br\/newsite\/#website\"},\"primaryImageOfPage\":{\"@id\":\"https:\/\/segurofacilbrasil.com.br\/newsite\/assistencia-24-horas\/#primaryimage\"},\"image\":{\"@id\":\"https:\/\/segurofacilbrasil.com.br\/newsite\/assistencia-24-horas\/#primaryimage\"},\"thumbnailUrl\":\"http:\/\/segurofacilbrasil.com.br\/newsite\/wp-content\/uploads\/2014\/11\/Porto_Seguro_Logo-e1418150311203.jpg\",\"datePublished\":\"2014-11-10T13:04:33+00:00\",\"dateModified\":\"2020-07-09T20:46:38+00:00\",\"description\":\"Assist\u00eancia 24 horas; Azul; Porto Seguro; Bradesco; Ita\u00fa; Liberty; Allianz; Mapfre; Tokio Marine; Ituran; Berkley; Chubb; AIG; Generalli; Sompo; HDI; AIG\",\"breadcrumb\":{\"@id\":\"https:\/\/segurofacilbrasil.com.br\/newsite\/assistencia-24-horas\/#breadcrumb\"},\"inLanguage\":\"pt-BR\",\"potentialAction\":[{\"@type\":\"ReadAction\",\"target\":[\"https:\/\/segurofacilbrasil.com.br\/newsite\/assistencia-24-horas\/\"]}]},{\"@type\":\"ImageObject\",\"inLanguage\":\"pt-BR\",\"@id\":\"https:\/\/segurofacilbrasil.com.br\/newsite\/assistencia-24-horas\/#primaryimage\",\"url\":\"http:\/\/segurofacilbrasil.com.br\/newsite\/wp-content\/uploads\/2014\/11\/Porto_Seguro_Logo-e1418150311203.jpg\",\"contentUrl\":\"http:\/\/segurofacilbrasil.com.br\/newsite\/wp-content\/uploads\/2014\/11\/Porto_Seguro_Logo-e1418150311203.jpg\"},{\"@type\":\"BreadcrumbList\",\"@id\":\"https:\/\/segurofacilbrasil.com.br\/newsite\/assistencia-24-horas\/#breadcrumb\",\"itemListElement\":[{\"@type\":\"ListItem\",\"position\":1,\"name\":\"In\u00edcio\",\"item\":\"https:\/\/segurofacilbrasil.com.br\/newsite\/\"},{\"@type\":\"ListItem\",\"position\":2,\"name\":\"Assist\u00eancia 24 horas\"}]},{\"@type\":\"WebSite\",\"@id\":\"https:\/\/segurofacilbrasil.com.br\/newsite\/#website\",\"url\":\"https:\/\/segurofacilbrasil.com.br\/newsite\/\",\"name\":\"Seguro de carros - Seguro F\u00e1cil Brasil\",\"description\":\"Aqui \u00e9 assim! Seguro!\",\"potentialAction\":[{\"@type\":\"SearchAction\",\"target\":{\"@type\":\"EntryPoint\",\"urlTemplate\":\"https:\/\/segurofacilbrasil.com.br\/newsite\/?s={search_term_string}\"},\"query-input\":\"required name=search_term_string\"}],\"inLanguage\":\"pt-BR\"}]}<\/script>\n<!-- \/ Yoast SEO plugin. -->","yoast_head_json":{"title":"Assist\u00eancia 24 horas - Seguro de carros - Seguro F\u00e1cil Brasil","description":"Assist\u00eancia 24 horas; Azul; Porto Seguro; Bradesco; Ita\u00fa; Liberty; Allianz; Mapfre; Tokio Marine; Ituran; Berkley; Chubb; AIG; Generalli; Sompo; HDI; AIG","robots":{"index":"index","follow":"follow","max-snippet":"max-snippet:-1","max-image-preview":"max-image-preview:large","max-video-preview":"max-video-preview:-1"},"canonical":"https:\/\/segurofacilbrasil.com.br\/newsite\/assistencia-24-horas\/","og_locale":"pt_BR","og_type":"article","og_title":"Assist\u00eancia 24 horas - Seguro de carros - Seguro F\u00e1cil Brasil","og_description":"Assist\u00eancia 24 horas; Azul; Porto Seguro; Bradesco; Ita\u00fa; Liberty; Allianz; Mapfre; Tokio Marine; Ituran; Berkley; Chubb; AIG; Generalli; Sompo; HDI; AIG","og_url":"https:\/\/segurofacilbrasil.com.br\/newsite\/assistencia-24-horas\/","og_site_name":"Seguro de carros - Seguro F\u00e1cil Brasil","article_modified_time":"2020-07-09T20:46:38+00:00","og_image":[{"url":"http:\/\/segurofacilbrasil.com.br\/newsite\/wp-content\/uploads\/2014\/11\/Porto_Seguro_Logo-e1418150311203.jpg"}],"twitter_misc":{"Est. tempo de leitura":"1 minuto"},"schema":{"@context":"https:\/\/schema.org","@graph":[{"@type":"WebPage","@id":"https:\/\/segurofacilbrasil.com.br\/newsite\/assistencia-24-horas\/","url":"https:\/\/segurofacilbrasil.com.br\/newsite\/assistencia-24-horas\/","name":"Assist\u00eancia 24 horas - Seguro de carros - Seguro F\u00e1cil Brasil","isPartOf":{"@id":"https:\/\/segurofacilbrasil.com.br\/newsite\/#website"},"primaryImageOfPage":{"@id":"https:\/\/segurofacilbrasil.com.br\/newsite\/assistencia-24-horas\/#primaryimage"},"image":{"@id":"https:\/\/segurofacilbrasil.com.br\/newsite\/assistencia-24-horas\/#primaryimage"},"thumbnailUrl":"http:\/\/segurofacilbrasil.com.br\/newsite\/wp-content\/uploads\/2014\/11\/Porto_Seguro_Logo-e1418150311203.jpg","datePublished":"2014-11-10T13:04:33+00:00","dateModified":"2020-07-09T20:46:38+00:00","description":"Assist\u00eancia 24 horas; Azul; Porto Seguro; Bradesco; Ita\u00fa; Liberty; Allianz; Mapfre; Tokio Marine; Ituran; Berkley; Chubb; AIG; Generalli; Sompo; HDI; AIG","breadcrumb":{"@id":"https:\/\/segurofacilbrasil.com.br\/newsite\/assistencia-24-horas\/#breadcrumb"},"inLanguage":"pt-BR","potentialAction":[{"@type":"ReadAction","target":["https:\/\/segurofacilbrasil.com.br\/newsite\/assistencia-24-horas\/"]}]},{"@type":"ImageObject","inLanguage":"pt-BR","@id":"https:\/\/segurofacilbrasil.com.br\/newsite\/assistencia-24-horas\/#primaryimage","url":"http:\/\/segurofacilbrasil.com.br\/newsite\/wp-content\/uploads\/2014\/11\/Porto_Seguro_Logo-e1418150311203.jpg","contentUrl":"http:\/\/segurofacilbrasil.com.br\/newsite\/wp-content\/uploads\/2014\/11\/Porto_Seguro_Logo-e1418150311203.jpg"},{"@type":"BreadcrumbList","@id":"https:\/\/segurofacilbrasil.com.br\/newsite\/assistencia-24-horas\/#breadcrumb","itemListElement":[{"@type":"ListItem","position":1,"name":"In\u00edcio","item":"https:\/\/segurofacilbrasil.com.br\/newsite\/"},{"@type":"ListItem","position":2,"name":"Assist\u00eancia 24 horas"}]},{"@type":"WebSite","@id":"https:\/\/segurofacilbrasil.com.br\/newsite\/#website","url":"https:\/\/segurofacilbrasil.com.br\/newsite\/","name":"Seguro de carros - Seguro F\u00e1cil Brasil","description":"Aqui \u00e9 assim! Seguro!","potentialAction":[{"@type":"SearchAction","target":{"@type":"EntryPoint","urlTemplate":"https:\/\/segurofacilbrasil.com.br\/newsite\/?s={search_term_string}"},"query-input":"required name=search_term_string"}],"inLanguage":"pt-BR"}]}},"_links":{"self":[{"href":"https:\/\/segurofacilbrasil.com.br\/newsite\/wp-json\/wp\/v2\/pages\/1219"}],"collection":[{"href":"https:\/\/segurofacilbrasil.com.br\/newsite\/wp-json\/wp\/v2\/pages"}],"about":[{"href":"https:\/\/segurofacilbrasil.com.br\/newsite\/wp-json\/wp\/v2\/types\/page"}],"author":[{"embeddable":true,"href":"https:\/\/segurofacilbrasil.com.br\/newsite\/wp-json\/wp\/v2\/users\/1"}],"replies":[{"embeddable":true,"href":"https:\/\/segurofacilbrasil.com.br\/newsite\/wp-json\/wp\/v2\/comments?post=1219"}],"version-history":[{"count":35,"href":"https:\/\/segurofacilbrasil.com.br\/newsite\/wp-json\/wp\/v2\/pages\/1219\/revisions"}],"predecessor-version":[{"id":17001,"href":"https:\/\/segurofacilbrasil.com.br\/newsite\/wp-json\/wp\/v2\/pages\/1219\/revisions\/17001"}],"wp:attachment":[{"href":"https:\/\/segurofacilbrasil.com.br\/newsite\/wp-json\/wp\/v2\/media?parent=1219"}],"curies":[{"name":"wp","href":"https:\/\/api.w.org\/{rel}","templated":true}]}}