{"id":9557,"date":"2016-07-06T00:12:08","date_gmt":"2016-07-05T21:12:08","guid":{"rendered":"http:\/\/segurofacilbrasil.com.br\/newsite\/?page_id=9557"},"modified":"2020-07-09T23:46:38","modified_gmt":"2020-07-09T20:46:38","slug":"seguro-de-vida","status":"publish","type":"page","link":"https:\/\/segurofacilbrasil.com.br\/newsite\/seguro-de-vida\/","title":{"rendered":"Seguro de Vida"},"content":{"rendered":"<p><div class=\"fusion-fullwidth fullwidth-box fusion-builder-row-1 nonhundred-percent-fullwidth non-hundred-percent-height-scrolling\" style=\"background-color: rgba(255,255,255,0);background-position: left top;background-repeat: no-repeat;padding-top:0px;padding-right:0px;padding-bottom:30px;padding-left:0px;margin-bottom: 0px;margin-top: 0px;border-width: 0px 0px 0px 0px;border-color:#eae9e9;border-style:solid;\" ><div class=\"fusion-builder-row fusion-row\"><div class=\"fusion-layout-column fusion_builder_column fusion-builder-column-0 fusion_builder_column_1_1 1_1 fusion-one-full fusion-column-first fusion-column-last fusion-column-no-min-height\" style=\"margin-top:0px;margin-bottom:0px;\"><div class=\"fusion-column-wrapper fusion-flex-column-wrapper-legacy\" style=\"background-position:left top;background-repeat:no-repeat;-webkit-background-size:cover;-moz-background-size:cover;-o-background-size:cover;background-size:cover;padding: 0px 0px 0px 0px;\"><div class=\"fusion-aligncenter\"><a class=\"fusion-button button-3d button-xlarge button-green button-1 fusion-button-default-span \" target=\"_self\" href=\"https:\/\/segurofacilbrasil.com.br\/newsite\/cotacao-de-seguro-de-vida\/\"><span class=\"fusion-button-text\">PEDIR COTA\u00c7\u00c3O AGORA<\/span><\/a><\/div><div class=\"fusion-clearfix\"><\/div><\/div><\/div><\/div><\/div><div class=\"fusion-fullwidth fullwidth-box fusion-builder-row-2 hundred-percent-fullwidth non-hundred-percent-height-scrolling\" style=\"background-color: rgba(255,255,255,0);background-position: center center;background-repeat: no-repeat;padding-top:0px;padding-right:0px;padding-bottom:0px;padding-left:0px;margin-bottom: 0px;margin-top: 0px;border-width: 0px 0px 0px 0px;border-color:#eae9e9;border-style:solid;\" ><div class=\"fusion-builder-row fusion-row\"><div class=\"fusion-layout-column fusion_builder_column fusion-builder-column-1 fusion_builder_column_1_1 1_1 fusion-one-full fusion-column-first fusion-column-last fusion-column-no-min-height\" style=\"margin-top:0px;margin-bottom:0px;\"><div class=\"fusion-column-wrapper fusion-flex-column-wrapper-legacy\" style=\"background-position:left top;background-repeat:no-repeat;-webkit-background-size:cover;-moz-background-size:cover;-o-background-size:cover;background-size:cover;padding: 0px 0px 0px 0px;\"><div class=\"fusion-text fusion-text-1\"><h3 style=\"text-align: justify;\">O QUE \u00c9 O SEGURO DE VIDA?<\/h3>\n<p style=\"text-align: justify;\">O Seguro de Vida \u00e9 uma forma de planejar e pensar nos imprevistos que\u00a0podem acontecer, garantindo a voc\u00ea e aos seus benifici\u00e1rios como sua\u00a0fam\u00edlia e dependentes um aux\u00edlio e assist\u00eancia em momentos \u00a0delicados e\u00a0dif\u00edceis com um valor preestabelecido. Al\u00e9m disso h\u00e1 tamb\u00e9m aux\u00edlio em\u00a0caso de invalidez por acidente, antecipa\u00e7\u00e3o do seguro de vida em caso de\u00a0determinadas doen\u00e7as entre outros benef\u00edcios que podem variar de acordo\u00a0com o plano contratado.<\/p>\n<h3 style=\"text-align: justify;\">POR QUE CONTRATAR UM SEGURO DE VIDA?<\/h3>\n<ul style=\"text-align: justify;\">\n<li>Substitui a sua renda no or\u00e7amento familiar durante um determinado\u00a0per\u00edodo.<\/li>\n<li>Custeia algumas despesas inevit\u00e1veis, como os impostos sobre a\u00a0heran\u00e7a e custos de funeral e sepultamento.<\/li>\n<li>Protege o patrim\u00f4nio familiar, ajudando a pagar presta\u00e7\u00f5es de longo\u00a0prazo de im\u00f3veis ou autom\u00f3veis.<\/li>\n<li>Continua algumas das tarefas desenvolvidas por voc\u00ea, como financiar\u00a0o cuidado de um familiar mais velho ou de uma crian\u00e7a.<\/li>\n<li>Garante os recursos para os estudos dos filhos.<\/li>\n<li>Garante os recursos para complementar a pr\u00f3pria aposentadoria, se\u00a0ficar impossibilitado de trabalhar.<\/li>\n<\/ul>\n<h3 style=\"text-align: justify;\">COMO FUNCIONA O SEGURO DE VIDA?<\/h3>\n<p style=\"text-align: justify;\">Quando se adquire uma ap\u00f3lice de seguro de vida, voc\u00ea ter\u00e1 que escolher o\u00a0benefici\u00e1rio (s) e dever\u00e1 definir o valor do capital segurado, isto \u00e9, a quantia\u00a0m\u00e1xima contratada que a seguradora dever\u00e1 indenizar no caso de um sinistro\u00a0descrito no contrato.<\/p>\n<p style=\"text-align: justify;\">Um grande benef\u00edcio do Seguro de Vida \u00e9 que no caso de morte do\u00a0segurado, a indeniza\u00e7\u00e3o n\u00e3o entra no invent\u00e1rio e pode ser liberada\u00a0rapidamente e sem taxa\u00e7\u00e3o do imposto sobre Transmiss\u00e3o de Causa Mortis.<\/p>\n<h3 style=\"text-align: justify;\">QUAL A DIFEREN\u00c7A ENTRE SEGURO DE VIDA E SEGURO DE\u00a0ACIDENTES PESSOAIS ?<\/h3>\n<p style=\"text-align: justify;\">O Seguro de Acidentes Pessoais como o pr\u00f3prio nome diz, somente\u00a0garante indeniza\u00e7\u00e3o aos benifici\u00e1rios no caso de que o segurado tenha\u00a0sofrido morte por acidente coberta no plano, enquanto que o Seguro de Vida\u00a0indeniza a morte acidental e tamb\u00e9m a morte natural. Isto faz com que o\u00a0pre\u00e7o da contrata\u00e7\u00e3o de ambos sejam diferentes, onde o seguro de acidentes\u00a0pessoais \u00e9 mais econ\u00f4mico em compara\u00e7\u00e3o ao Seguro de Vida. Geralmente\u00a0o Seguro de Vida \u00e9 calculado de acordo com a idade do segurado e o\u00a0Seguro de Acidentes Pessoais n\u00e3o faz distin\u00e7\u00e3o ente jovens e idosos. Por\u00a0esse motivo o Seguro de Vida sofre incremento de pre\u00e7o em fun\u00e7\u00e3o da faixa\u00a0et\u00e1ria que o contrata pois se aumenta o risco tanto de morte como de\u00a0invalidez.<\/p>\n<h3 style=\"text-align: justify;\">O SEGURO DE VIDA GARANTE RENDA VITAL\u00cdCIA?<\/h3>\n<p style=\"text-align: justify;\">Normalmente a indeniza\u00e7\u00e3o \u00e9 realizada em uma s\u00f3 vez, por\u00e9m h\u00e1\u00a0seguradoras que podem transformar esse montante em renda.<\/p>\n<h3 style=\"text-align: justify;\">EM QUE SITUA\u00c7\u00d5ES O SEGURO DE VIDA \u00c9 INDICADO?<\/h3>\n<p style=\"text-align: justify;\">O objetivo principal do Seguro de Vida \u00e9 diminuir impactos financeiros que\u00a0possam comprometer a renda familiar. Se voc\u00ea possui filhos pequenos que\u00a0dependem dos seus rendimentos, o seguro de vida pode evitar que passem\u00a0por dificuldades caso lhe aconte\u00e7a alguma fatalidade. Tamb\u00e9m est\u00e1\u00a0relacionada a adultos que dependam financeiramente de voc\u00ea, como c\u00f4njuge\u00a0ou companheiro (a), pais, irm\u00e3o e filhos que continuam a precisar de seu\u00a0apoio financeiro, apesar da idade adulta. Geralmente a seguradora realiza a\u00a0indeniza\u00e7\u00e3o em at\u00e9 30 dias a partir da entrega da documenta\u00e7\u00e3o solicitada.<\/p>\n<p style=\"text-align: justify;\">Este \u00e9 o prazo regulamentado pela SUSEP.<\/p>\n<h3 style=\"text-align: justify;\">O SEGURO DE VIDA COBRE DESPESAS COM FUNERAL?<\/h3>\n<p style=\"text-align: justify;\">Depende do plano que voc\u00ea contrata, por\u00e9m geralmente sim. Trata-se da\u00a0contrata\u00e7\u00e3o da cobertura de aux\u00edlio funeral ou de assist\u00eancia funeral, que\u00a0garante a indeniza\u00e7\u00e3o do funeral do segurado, seja atrav\u00e9s de reembolso das\u00a0despesas, ou dos servi\u00e7os funer\u00e1rios oferecidos pela seguradora. Ambos\u00a0est\u00e3o limitados no valor contratado.<\/p>\n<h3 style=\"text-align: justify;\">QUAIS OS TIPOS DE SEGURO DE VIDA EXISTEM?<\/h3>\n<ul style=\"text-align: justify;\">\n<li><strong>Seguro de Vida Individual:<\/strong>\u00a0Cobre o risco de um \u00fanico contratante (segurado) como pessoa f\u00edsica. O\u00a0valor \u00e9 calculado levando em conta a idade, estado civil, profiss\u00e3o e\u00a0condi\u00e7\u00f5es de sa\u00fade do contratante. Nesse caso se contratam as coberturas,\u00a0valor de indeniza\u00e7\u00e3o , prazo e forma de pagamento.<\/li>\n<li><strong>Seguro de Vida Coletivo (Vida em Grupo):<\/strong>\u00a0\u00c9 feita por empresa, clubes, sindicatos, entidades de classes e associa\u00e7\u00f5es\u00a0profissionais e s\u00e3o definidas como estipulantes e ir\u00e3o representar os\u00a0segurados junto as seguradoras. No caso de Seguro coletivo n\u00e3o h\u00e1\u00a0negocia\u00e7\u00e3o isolada com os segurados. O segurado ingressa numa ap\u00f3lice\u00a0geral definida no plano contratado pela empresa.<\/li>\n<li><strong>H\u00e1 tr\u00eas formas que o seguro coletivo admite:<\/strong>\n<ul>\n<li><strong>Totalmente Contribuit\u00e1rio:<\/strong> onde os segurados s\u00e3o respons\u00e1veis pelo\u00a0pagamento integral do plano.<\/li>\n<li><strong>Parcialmente Contribuit\u00e1rio:<\/strong> onde o estipulante custeia parte do plano.<\/li>\n<li><strong>N\u00e3o Contribuit\u00e1rio:<\/strong> onde a empresa se responsabiliza pelo pagamento\u00a0total do plano.<\/li>\n<\/ul>\n<\/li>\n<\/ul>\n<h3 style=\"text-align: justify;\"><strong>Vantagens do Seguro Coletivo:<\/strong><\/h3>\n<p style=\"text-align: justify;\">O pre\u00e7o \u00e9 menor em rela\u00e7\u00e3o ao plano individual. O plano Coletivo pode ser\u00a0\u00fanico sem diferencia\u00e7\u00e3o de idades, pois \u00e9 cobrado um pre\u00e7o m\u00e9dio baseado\u00a0nos dados do conjunto dos integrantes do grupo. Dessa forma os mais jovens\u00a0subsidiam os mais velhos e as garantias s\u00e3o iguais para todos os segurados.<\/p>\n<p style=\"text-align: justify;\">No caso em que o empregador \u00e9 o estipulante, o capital segurado pode ser\u00a0definido por m\u00faltiplos mensais do sal\u00e1rio, ou por escala de capitais\u00a0segurados (Ex. R$ 50.000, R$ 200.000, etc).<\/p>\n<p style=\"text-align: justify;\">Na ap\u00f3lice coletiva pode-se incluir c\u00f4njuges ou filhos do segurado principal\u00a0caso o plano contratado pelo estipulante o permita.<\/p>\n<p style=\"text-align: justify;\">A vig\u00eancia do plano coletivo pode variar. O estipulante pode renovar o\u00a0contrato sem aprova\u00e7\u00e3o pr\u00e9via dos segurados. Toda modifica\u00e7\u00e3o nas\u00a0condi\u00e7\u00f5es contratadas dever\u00e1 ser feita em termo aditivo \u00e0 ap\u00f3lice, com\u00a0concord\u00e2ncia por escrito do segurado ou de seu representante, ratificada por\u00a0endosso. Altera\u00e7\u00f5es que tenham \u00f4nus ou dever aos segurados ou diminui\u00e7\u00e3o\u00a0de garantias, como incremento de pre\u00e7o ou redu\u00e7\u00e3o de coberturas, s\u00f3 s\u00e3o\u00a0realizadas com a aprova\u00e7\u00e3o de pelo menos tr\u00eas quartos dos segurados, do\u00a0contr\u00e1rio s\u00e3o mantidas as condi\u00e7\u00f5es originais do seguro, a n\u00e3o ser que seja\u00a0firmado entre seguradora e estipulante preveja o seu cancelamento numa\u00a0situa\u00e7\u00e3o dessas. H\u00e1 outras formas de garantias do seguro cessarem:<\/p>\n<ul style=\"text-align: justify;\">\n<li>Exclus\u00e3o do segurado do grupo, quando terminar o v\u00ednculo com o\u00a0estipulante.<\/li>\n<li>N\u00e3o renova\u00e7\u00e3o da ap\u00f3lice por decis\u00e3o do estipulante ou da\u00a0seguradora.<\/li>\n<\/ul>\n<h3 style=\"text-align: justify;\">QUAIS AS EXCLUS\u00d5ES MAIS HABITUAIS DO SEGURO DE VIDA?<\/h3>\n<p style=\"text-align: justify;\">\u00c9 muito importante assessorar-se com seu corretor de Seguros antes de\u00a0contratar o Seguro de Vida. O contrato de seguro possui um prazo de\u00a0validade e n\u00e3o d\u00e3o direito a benef\u00edcios que n\u00e3o esteja claramente identificada\u00a0na ap\u00f3lice da Seguradora.<\/p>\n<p style=\"text-align: justify;\">\u00c9 importante responder corretamente as perguntas da declara\u00e7\u00e3o de Sa\u00fade,\u00a0pois diverg\u00eancias podem gerar negativas da Seguradora no momento da\u00a0indeniza\u00e7\u00e3o.<\/p>\n<p style=\"text-align: justify;\">Leia a proposta de certifique-se de que voc\u00ea entendeu todos os t\u00f3picos das\u00a0condi\u00e7\u00f5es gerais do contrato principalmente os riscos exclu\u00eddos,\u00a0As Seguradoras normalmente excluem os seguintes t\u00f3picos:<\/p>\n<ul style=\"text-align: justify;\">\n<li>Doen\u00e7as e sequelas preexistentes \u00e0 contrata\u00e7\u00e3o do seguro e n\u00e3o\u00a0declaradas na proposta, a n\u00e3o ser que sejam, comprovadamente,\u00a0desconhecidas pelo segurado.<\/li>\n<li>Suic\u00eddio ocorrido durante o per\u00edodo legal de car\u00eancia de dois anos.<\/li>\n<li>Contamina\u00e7\u00e3o radioativa ou exposi\u00e7\u00e3o a radia\u00e7\u00f5es nucleares, al\u00e9m do uso\u00a0de material nuclear.<\/li>\n<li>Pr\u00e1tica de atos il\u00edcitos dolosos (vontade consciente de enganar para obter\u00a0vantagem pessoal ou para outros) por parte do segurado ou de seus\u00a0benefici\u00e1rios.<\/li>\n<li>Les\u00f5es causadas por esfor\u00e7os repetitivos (LER), doen\u00e7as osteomusculares\u00a0relacionadas ao trabalho (DORT), les\u00e3o por trauma continuado (LTC) e\u00a0outras semelhantes.<\/li>\n<li>Intoxica\u00e7\u00e3o alimentar ou medicamentosa, \u00e0 exce\u00e7\u00e3o das provocadas por\u00a0rem\u00e9dios prescritos por m\u00e9dico.<\/li>\n<\/ul>\n<h3 style=\"text-align: justify;\">COMO CONTRATAR O SEGURO DE VIDA?<\/h3>\n<p style=\"text-align: justify;\">Sempre contrate o Seguro de Vida seja o individual como o Coletivo com um\u00a0Corretor de Seguros de confian\u00e7a e com experi\u00eancia.<\/p>\n<p style=\"text-align: justify;\">Na\u00a0Seguro F\u00e1cil Brasil\u00a0voc\u00ea ir\u00e1 receber todas as orienta\u00e7\u00f5es para contratar\u00a0o melhor para a sua tranquilidade e seguran\u00e7a, pois trabalhamos com as\u00a0melhores Seguradoras do Brasil especializadas em Seguro de Vida Individual\u00a0ou Coletiva como Bradesco, Porto Seguro, Ita\u00fa, Sulam\u00e9rica, Mapfre, entre\u00a0outras.<\/p>\n<p style=\"text-align: justify;\">Solicite sem compromisso um estudo completo do Seguro de Vida para voc\u00ea\u00a0ou para sua empresa e deixe-nos apresentar uma proposta que se adeque as\u00a0suas necessidades.<\/p>\n<p style=\"text-align: justify;\">A\u00a0Seguro F\u00e1cil Brasil\u00a0,\u00a0localizada na cidade de Campinas, conta com\u00a0profissionais com mais de 20 anos de experi\u00eancia no setor de Seguros.<\/p>\n<p style=\"text-align: justify;\">A\u00a0cota\u00e7\u00e3o de seguro\u00a0pode ser realizada com toda comodidade \u00a0atrav\u00e9s de\u00a0nosso sistema de\u00a0cota\u00e7\u00e3o de seguro online atrav\u00e9s de nossa\u00a0p\u00e1gina\u00a0www.segurofacilbrasil.com.br\u00a0, pelos fones: 0300 772 1234 \/ (19) 3790-\u00a01414 ou em nossas instala\u00e7\u00f5es localizada na R. Am\u00e9rico de Moura, 512 \u2013\u00a0CEP 13076-628 \u2013\u00a0cidade de Campinas\u00a0\/SP.<\/p>\n<\/div><div class=\"fusion-clearfix\"><\/div><\/div><\/div><\/div><style type=\"text\/css\">.fusion-fullwidth.fusion-builder-row-2 { overflow:visible; }<\/style><\/div><div class=\"fusion-fullwidth fullwidth-box fusion-builder-row-3 nonhundred-percent-fullwidth non-hundred-percent-height-scrolling\" style=\"background-color: rgba(255,255,255,0);background-position: left top;background-repeat: no-repeat;padding-top:0px;padding-right:0px;padding-bottom:30px;padding-left:0px;margin-bottom: 0px;margin-top: 0px;border-width: 0px 0px 0px 0px;border-color:#eae9e9;border-style:solid;\" ><div class=\"fusion-builder-row fusion-row\"><div class=\"fusion-layout-column fusion_builder_column fusion-builder-column-2 fusion_builder_column_1_1 1_1 fusion-one-full fusion-column-first fusion-column-last fusion-column-no-min-height\" style=\"margin-top:0px;margin-bottom:0px;\"><div class=\"fusion-column-wrapper fusion-flex-column-wrapper-legacy\" style=\"background-position:left top;background-repeat:no-repeat;-webkit-background-size:cover;-moz-background-size:cover;-o-background-size:cover;background-size:cover;padding: 0px 0px 0px 0px;\"><div class=\"fusion-aligncenter\"><a class=\"fusion-button button-3d button-xlarge button-green button-2 fusion-button-default-span \" target=\"_self\" href=\"https:\/\/segurofacilbrasil.com.br\/newsite\/cotacao-de-seguro-de-vida\/\"><span class=\"fusion-button-text\">PEDIR COTA\u00c7\u00c3O AGORA<\/span><\/a><\/div><div class=\"fusion-clearfix\"><\/div><\/div><\/div><\/div><\/div><\/p>\n","protected":false},"excerpt":{"rendered":"","protected":false},"author":1,"featured_media":9560,"parent":0,"menu_order":0,"comment_status":"closed","ping_status":"closed","template":"","meta":{"_exactmetrics_skip_tracking":false,"_exactmetrics_sitenote_active":false,"_exactmetrics_sitenote_note":"","_exactmetrics_sitenote_category":0,"_joinchat":[],"footnotes":""},"class_list":["post-9557","page","type-page","status-publish","has-post-thumbnail","hentry"],"yoast_head":"<!-- This site is optimized with the Yoast SEO plugin v23.2 - https:\/\/yoast.com\/wordpress\/plugins\/seo\/ -->\n<title>Seguro de Vida - Seguro de carros - Seguro F\u00e1cil Brasil<\/title>\n<meta name=\"description\" content=\"Seguro de vida \u00e9 planejar e pensar nos imprevistos que podem acontecer, garantindo a voc\u00ea e aos seus benifici\u00e1rios um aux\u00edlio em momentos delicados.\" \/>\n<meta name=\"robots\" content=\"index, follow, max-snippet:-1, max-image-preview:large, max-video-preview:-1\" \/>\n<link rel=\"canonical\" href=\"https:\/\/segurofacilbrasil.com.br\/newsite\/seguro-de-vida\/\" \/>\n<meta property=\"og:locale\" content=\"pt_BR\" \/>\n<meta property=\"og:type\" content=\"article\" \/>\n<meta property=\"og:title\" content=\"Seguro de Vida - Seguro de carros - Seguro F\u00e1cil Brasil\" \/>\n<meta property=\"og:description\" content=\"Seguro de vida \u00e9 planejar e pensar nos imprevistos que podem acontecer, garantindo a voc\u00ea e aos seus benifici\u00e1rios um aux\u00edlio em momentos delicados.\" \/>\n<meta property=\"og:url\" content=\"https:\/\/segurofacilbrasil.com.br\/newsite\/seguro-de-vida\/\" \/>\n<meta property=\"og:site_name\" content=\"Seguro de carros - Seguro F\u00e1cil Brasil\" \/>\n<meta property=\"article:modified_time\" content=\"2020-07-09T20:46:38+00:00\" \/>\n<meta property=\"og:image\" content=\"https:\/\/segurofacilbrasil.com.br\/newsite\/wp-content\/uploads\/2016\/07\/Seguro-de-vida.jpg\" \/>\n\t<meta property=\"og:image:width\" content=\"1160\" \/>\n\t<meta property=\"og:image:height\" content=\"643\" \/>\n\t<meta property=\"og:image:type\" content=\"image\/jpeg\" \/>\n<meta name=\"twitter:label1\" content=\"Est. tempo de leitura\" \/>\n\t<meta name=\"twitter:data1\" content=\"10 minutos\" \/>\n<script type=\"application\/ld+json\" class=\"yoast-schema-graph\">{\"@context\":\"https:\/\/schema.org\",\"@graph\":[{\"@type\":\"WebPage\",\"@id\":\"https:\/\/segurofacilbrasil.com.br\/newsite\/seguro-de-vida\/\",\"url\":\"https:\/\/segurofacilbrasil.com.br\/newsite\/seguro-de-vida\/\",\"name\":\"Seguro de Vida - Seguro de carros - Seguro F\u00e1cil Brasil\",\"isPartOf\":{\"@id\":\"https:\/\/segurofacilbrasil.com.br\/newsite\/#website\"},\"primaryImageOfPage\":{\"@id\":\"https:\/\/segurofacilbrasil.com.br\/newsite\/seguro-de-vida\/#primaryimage\"},\"image\":{\"@id\":\"https:\/\/segurofacilbrasil.com.br\/newsite\/seguro-de-vida\/#primaryimage\"},\"thumbnailUrl\":\"https:\/\/segurofacilbrasil.com.br\/newsite\/wp-content\/uploads\/2016\/07\/Seguro-de-vida.jpg\",\"datePublished\":\"2016-07-05T21:12:08+00:00\",\"dateModified\":\"2020-07-09T20:46:38+00:00\",\"description\":\"Seguro de vida \u00e9 planejar e pensar nos imprevistos que podem acontecer, garantindo a voc\u00ea e aos seus benifici\u00e1rios um aux\u00edlio em momentos delicados.\",\"breadcrumb\":{\"@id\":\"https:\/\/segurofacilbrasil.com.br\/newsite\/seguro-de-vida\/#breadcrumb\"},\"inLanguage\":\"pt-BR\",\"potentialAction\":[{\"@type\":\"ReadAction\",\"target\":[\"https:\/\/segurofacilbrasil.com.br\/newsite\/seguro-de-vida\/\"]}]},{\"@type\":\"ImageObject\",\"inLanguage\":\"pt-BR\",\"@id\":\"https:\/\/segurofacilbrasil.com.br\/newsite\/seguro-de-vida\/#primaryimage\",\"url\":\"https:\/\/segurofacilbrasil.com.br\/newsite\/wp-content\/uploads\/2016\/07\/Seguro-de-vida.jpg\",\"contentUrl\":\"https:\/\/segurofacilbrasil.com.br\/newsite\/wp-content\/uploads\/2016\/07\/Seguro-de-vida.jpg\",\"width\":1160,\"height\":643,\"caption\":\"Hands hug the family (concept)\"},{\"@type\":\"BreadcrumbList\",\"@id\":\"https:\/\/segurofacilbrasil.com.br\/newsite\/seguro-de-vida\/#breadcrumb\",\"itemListElement\":[{\"@type\":\"ListItem\",\"position\":1,\"name\":\"In\u00edcio\",\"item\":\"https:\/\/segurofacilbrasil.com.br\/newsite\/\"},{\"@type\":\"ListItem\",\"position\":2,\"name\":\"Seguro de Vida\"}]},{\"@type\":\"WebSite\",\"@id\":\"https:\/\/segurofacilbrasil.com.br\/newsite\/#website\",\"url\":\"https:\/\/segurofacilbrasil.com.br\/newsite\/\",\"name\":\"Seguro de carros - Seguro F\u00e1cil Brasil\",\"description\":\"Aqui \u00e9 assim! Seguro!\",\"potentialAction\":[{\"@type\":\"SearchAction\",\"target\":{\"@type\":\"EntryPoint\",\"urlTemplate\":\"https:\/\/segurofacilbrasil.com.br\/newsite\/?s={search_term_string}\"},\"query-input\":\"required name=search_term_string\"}],\"inLanguage\":\"pt-BR\"}]}<\/script>\n<!-- \/ Yoast SEO plugin. -->","yoast_head_json":{"title":"Seguro de Vida - Seguro de carros - Seguro F\u00e1cil Brasil","description":"Seguro de vida \u00e9 planejar e pensar nos imprevistos que podem acontecer, garantindo a voc\u00ea e aos seus benifici\u00e1rios um aux\u00edlio em momentos delicados.","robots":{"index":"index","follow":"follow","max-snippet":"max-snippet:-1","max-image-preview":"max-image-preview:large","max-video-preview":"max-video-preview:-1"},"canonical":"https:\/\/segurofacilbrasil.com.br\/newsite\/seguro-de-vida\/","og_locale":"pt_BR","og_type":"article","og_title":"Seguro de Vida - Seguro de carros - Seguro F\u00e1cil Brasil","og_description":"Seguro de vida \u00e9 planejar e pensar nos imprevistos que podem acontecer, garantindo a voc\u00ea e aos seus benifici\u00e1rios um aux\u00edlio em momentos delicados.","og_url":"https:\/\/segurofacilbrasil.com.br\/newsite\/seguro-de-vida\/","og_site_name":"Seguro de carros - Seguro F\u00e1cil Brasil","article_modified_time":"2020-07-09T20:46:38+00:00","og_image":[{"width":1160,"height":643,"url":"https:\/\/segurofacilbrasil.com.br\/newsite\/wp-content\/uploads\/2016\/07\/Seguro-de-vida.jpg","type":"image\/jpeg"}],"twitter_misc":{"Est. tempo de leitura":"10 minutos"},"schema":{"@context":"https:\/\/schema.org","@graph":[{"@type":"WebPage","@id":"https:\/\/segurofacilbrasil.com.br\/newsite\/seguro-de-vida\/","url":"https:\/\/segurofacilbrasil.com.br\/newsite\/seguro-de-vida\/","name":"Seguro de Vida - Seguro de carros - Seguro F\u00e1cil Brasil","isPartOf":{"@id":"https:\/\/segurofacilbrasil.com.br\/newsite\/#website"},"primaryImageOfPage":{"@id":"https:\/\/segurofacilbrasil.com.br\/newsite\/seguro-de-vida\/#primaryimage"},"image":{"@id":"https:\/\/segurofacilbrasil.com.br\/newsite\/seguro-de-vida\/#primaryimage"},"thumbnailUrl":"https:\/\/segurofacilbrasil.com.br\/newsite\/wp-content\/uploads\/2016\/07\/Seguro-de-vida.jpg","datePublished":"2016-07-05T21:12:08+00:00","dateModified":"2020-07-09T20:46:38+00:00","description":"Seguro de vida \u00e9 planejar e pensar nos imprevistos que podem acontecer, garantindo a voc\u00ea e aos seus benifici\u00e1rios um aux\u00edlio em momentos delicados.","breadcrumb":{"@id":"https:\/\/segurofacilbrasil.com.br\/newsite\/seguro-de-vida\/#breadcrumb"},"inLanguage":"pt-BR","potentialAction":[{"@type":"ReadAction","target":["https:\/\/segurofacilbrasil.com.br\/newsite\/seguro-de-vida\/"]}]},{"@type":"ImageObject","inLanguage":"pt-BR","@id":"https:\/\/segurofacilbrasil.com.br\/newsite\/seguro-de-vida\/#primaryimage","url":"https:\/\/segurofacilbrasil.com.br\/newsite\/wp-content\/uploads\/2016\/07\/Seguro-de-vida.jpg","contentUrl":"https:\/\/segurofacilbrasil.com.br\/newsite\/wp-content\/uploads\/2016\/07\/Seguro-de-vida.jpg","width":1160,"height":643,"caption":"Hands hug the family (concept)"},{"@type":"BreadcrumbList","@id":"https:\/\/segurofacilbrasil.com.br\/newsite\/seguro-de-vida\/#breadcrumb","itemListElement":[{"@type":"ListItem","position":1,"name":"In\u00edcio","item":"https:\/\/segurofacilbrasil.com.br\/newsite\/"},{"@type":"ListItem","position":2,"name":"Seguro de Vida"}]},{"@type":"WebSite","@id":"https:\/\/segurofacilbrasil.com.br\/newsite\/#website","url":"https:\/\/segurofacilbrasil.com.br\/newsite\/","name":"Seguro de carros - Seguro F\u00e1cil Brasil","description":"Aqui \u00e9 assim! Seguro!","potentialAction":[{"@type":"SearchAction","target":{"@type":"EntryPoint","urlTemplate":"https:\/\/segurofacilbrasil.com.br\/newsite\/?s={search_term_string}"},"query-input":"required name=search_term_string"}],"inLanguage":"pt-BR"}]}},"_links":{"self":[{"href":"https:\/\/segurofacilbrasil.com.br\/newsite\/wp-json\/wp\/v2\/pages\/9557"}],"collection":[{"href":"https:\/\/segurofacilbrasil.com.br\/newsite\/wp-json\/wp\/v2\/pages"}],"about":[{"href":"https:\/\/segurofacilbrasil.com.br\/newsite\/wp-json\/wp\/v2\/types\/page"}],"author":[{"embeddable":true,"href":"https:\/\/segurofacilbrasil.com.br\/newsite\/wp-json\/wp\/v2\/users\/1"}],"replies":[{"embeddable":true,"href":"https:\/\/segurofacilbrasil.com.br\/newsite\/wp-json\/wp\/v2\/comments?post=9557"}],"version-history":[{"count":6,"href":"https:\/\/segurofacilbrasil.com.br\/newsite\/wp-json\/wp\/v2\/pages\/9557\/revisions"}],"predecessor-version":[{"id":17923,"href":"https:\/\/segurofacilbrasil.com.br\/newsite\/wp-json\/wp\/v2\/pages\/9557\/revisions\/17923"}],"wp:featuredmedia":[{"embeddable":true,"href":"https:\/\/segurofacilbrasil.com.br\/newsite\/wp-json\/wp\/v2\/media\/9560"}],"wp:attachment":[{"href":"https:\/\/segurofacilbrasil.com.br\/newsite\/wp-json\/wp\/v2\/media?parent=9557"}],"curies":[{"name":"wp","href":"https:\/\/api.w.org\/{rel}","templated":true}]}}