{"id":9876,"date":"2016-07-23T03:50:53","date_gmt":"2016-07-23T00:50:53","guid":{"rendered":"http:\/\/segurofacilbrasil.com.br\/newsite\/?page_id=9876"},"modified":"2020-07-09T23:46:37","modified_gmt":"2020-07-09T20:46:37","slug":"allianz-seguros-allianz-seguros","status":"publish","type":"page","link":"https:\/\/segurofacilbrasil.com.br\/newsite\/allianz-seguros-allianz-seguros\/","title":{"rendered":"ALLIANZ SEGUROS"},"content":{"rendered":"<p><a href=\"http:\/\/segurofacilbrasil.com.br\/newsite\/wp-content\/uploads\/2016\/07\/Allianz-Seguros.png\"><img decoding=\"async\" class=\"size-medium wp-image-10019 aligncenter\" src=\"http:\/\/segurofacilbrasil.com.br\/newsite\/wp-content\/uploads\/2016\/07\/Allianz-Seguros-300x134.png\" alt=\"Allianz Seguros\" width=\"300\" height=\"134\" srcset=\"https:\/\/segurofacilbrasil.com.br\/newsite\/wp-content\/uploads\/2016\/07\/Allianz-Seguros-200x89.png 200w, https:\/\/segurofacilbrasil.com.br\/newsite\/wp-content\/uploads\/2016\/07\/Allianz-Seguros-300x134.png 300w, https:\/\/segurofacilbrasil.com.br\/newsite\/wp-content\/uploads\/2016\/07\/Allianz-Seguros-400x179.png 400w, https:\/\/segurofacilbrasil.com.br\/newsite\/wp-content\/uploads\/2016\/07\/Allianz-Seguros-600x268.png 600w, https:\/\/segurofacilbrasil.com.br\/newsite\/wp-content\/uploads\/2016\/07\/Allianz-Seguros-768x343.png 768w, https:\/\/segurofacilbrasil.com.br\/newsite\/wp-content\/uploads\/2016\/07\/Allianz-Seguros-800x357.png 800w, https:\/\/segurofacilbrasil.com.br\/newsite\/wp-content\/uploads\/2016\/07\/Allianz-Seguros-1024x457.png 1024w, https:\/\/segurofacilbrasil.com.br\/newsite\/wp-content\/uploads\/2016\/07\/Allianz-Seguros-1200x536.png 1200w, https:\/\/segurofacilbrasil.com.br\/newsite\/wp-content\/uploads\/2016\/07\/Allianz-Seguros.png 2000w\" sizes=\"(max-width: 300px) 100vw, 300px\" \/><\/a><\/p>\n<h2 style=\"text-align: justify;\">HIST\u00d3RICO:<\/h2>\n<p>A <strong>Allianz Seguros<\/strong> foi criada pelo especialista em seguros Carl Thieme e o banqueiro Whilhem Finck. O nome vem do alem\u00e3o e significa Alian\u00e7a uma palavra que os clientes sabem o significado e a for\u00e7a.<\/p>\n<h2 style=\"text-align: left;\">Quem \u00e9 o Grupo Allianz SE?<\/h2>\n<p style=\"text-align: justify;\">Todo esse carinho, proximidade e foco, geram resultados, para o Grupo Allianz e especialmente para os milh\u00f5es de pessoas ao redor do mundo que a Allianz tem o privil\u00e9gio de atender.<\/p>\n<h2 style=\"text-align: justify;\">Allianz Seguros no Brasil:<\/h2>\n<p style=\"text-align: justify;\">N\u00e3o \u00e9 de hoje que a Allianz se preocupa com a seguran\u00e7a dos brasileiros. Essa hist\u00f3ria come\u00e7a l\u00e1 atr\u00e1s, com a Brasil Companhia de Seguros Gerais em 1904.<\/p>\n<p style=\"text-align: justify;\">Em uma hist\u00f3ria t\u00e3o longa as mudan\u00e7as e evolu\u00e7\u00f5es s\u00e3o naturais.<br \/>\nEm 1984 a companhia ainda se chamava Brasil Seguros, at\u00e9 que em 1993 foi adquirida pelo grupo franc\u00eas AGF e passou a se chamar AGF Brasil Seguros.<\/p>\n<p style=\"text-align: justify;\">Quando 1997 a AGF se fundiu globalmente com o Grupo Allianz a empresa no Brasil passou a assinar como AGF Seguros &#8211; Allianz Group nome que se manteve at\u00e9 2007, quando no ano seguinte virou definitivamente Allianz Seguros.<br \/>\nS\u00e3o mais de 100 anos, de tradi\u00e7\u00e3o e preocupa\u00e7\u00e3o com a seguran\u00e7a e vida de milhares de brasileiros.<\/p>\n<h2 style=\"text-align: justify;\">PATROC\u00cdNIO:<\/h2>\n<p style=\"text-align: justify;\">Esportes e seguran\u00e7a caminhando lado a lado.<\/p>\n<p style=\"text-align: justify;\">A atividade f\u00edsica \u00e9 um dos maiores seguros que o corpo humano tem para viver saud\u00e1vel, e isso inclui os esportes. Assim, nada mais justo que a Allianz esteja presente nos maiores eventos esportivos globais. Entre eles, a F\u00f3rmula 1, apoiando equipes, o Safety Car e circuitos de corrida.<\/p>\n<p style=\"text-align: justify;\">O futebol, patrocinando o Allianz Arena, um dos est\u00e1dios de futebol mais ic\u00f4nicos do mundo.<\/p>\n<p style=\"text-align: center;\"><a href=\"http:\/\/segurofacilbrasil.com.br\/newsite\/wp-content\/uploads\/2016\/07\/Formula1_654x256.jpg\"><img decoding=\"async\" class=\"alignnone wp-image-9887\" src=\"http:\/\/segurofacilbrasil.com.br\/newsite\/wp-content\/uploads\/2016\/07\/Formula1_654x256-300x117.jpg\" alt=\"Formula1_654x256\" width=\"566\" height=\"221\" srcset=\"https:\/\/segurofacilbrasil.com.br\/newsite\/wp-content\/uploads\/2016\/07\/Formula1_654x256-200x78.jpg 200w, https:\/\/segurofacilbrasil.com.br\/newsite\/wp-content\/uploads\/2016\/07\/Formula1_654x256-300x117.jpg 300w, https:\/\/segurofacilbrasil.com.br\/newsite\/wp-content\/uploads\/2016\/07\/Formula1_654x256-400x157.jpg 400w, https:\/\/segurofacilbrasil.com.br\/newsite\/wp-content\/uploads\/2016\/07\/Formula1_654x256-600x235.jpg 600w, https:\/\/segurofacilbrasil.com.br\/newsite\/wp-content\/uploads\/2016\/07\/Formula1_654x256.jpg 654w\" sizes=\"(max-width: 566px) 100vw, 566px\" \/><\/a><\/p>\n<p style=\"text-align: justify;\">A <strong><span style=\"color: #008000;\">Seguro F\u00e1cil Brasil<\/span><\/strong> , conta com profissionais com mais de 20 anos de experi\u00eancia em\u00a0Seguros.<\/p>\n<p style=\"text-align: justify;\">Trabalhamos com a Allianz Seguros S.A por ser uma das maiores seguradas mundiais e com forte atua\u00e7\u00e3o e reputa\u00e7\u00e3o no Brasil.<\/p>\n<p>A cota\u00e7\u00e3o de seguro pode ser realizada com toda comodidade atrav\u00e9s de nosso sistema de cota\u00e7\u00e3o de seguro online.<\/p>\n<p>Acesse a p\u00e1gina <a href=\"http:\/\/www.segurofacilbrasil.com.br\/\">www.segurofacilbrasil.com.br<\/a> , ou ligue: 0300 772 1234 \/ (19) 3790-1414 ou visite\u00a0nossas instala\u00e7\u00f5es na R. Am\u00e9rico de Moura, 512 \u2013 CEP 13076-628 \u2013 cidade de Campinas \/SP.<\/p>\n<p style=\"text-align: center;\"><div class=\"fusion-fullwidth fullwidth-box fusion-builder-row-1 hundred-percent-fullwidth non-hundred-percent-height-scrolling\" style=\"background-color: rgba(255,255,255,0);background-position: center center;background-repeat: no-repeat;padding-top:0px;padding-right:0px;padding-bottom:0px;padding-left:0px;margin-bottom: 0px;margin-top: 0px;border-width: 0px 0px 0px 0px;border-color:#eae9e9;border-style:solid;\" ><div class=\"fusion-builder-row fusion-row\"><div class=\"fusion-layout-column fusion_builder_column fusion-builder-column-0 fusion_builder_column_1_1 1_1 fusion-one-full fusion-column-first fusion-column-last fusion-column-no-min-height\" style=\"margin-top:0px;margin-bottom:0px;\"><div class=\"fusion-column-wrapper fusion-flex-column-wrapper-legacy\" style=\"background-position:left top;background-repeat:no-repeat;-webkit-background-size:cover;-moz-background-size:cover;-o-background-size:cover;background-size:cover;padding: 0px 0px 0px 0px;\"><div class=\"fusion-aligncenter\"><a class=\"fusion-button button-flat fusion-button-default-size button-darkgreen button-1 fusion-button-default-span fusion-button-default-type\" target=\"_self\" href=\"https:\/\/segurofacilbrasil.com.br\/newsite\/cotacao-de-seguro-para-carro\/\"><span class=\"fusion-button-text\">Solicite a cota\u00e7\u00e3o de Seguro para seu carro<\/span><\/a><\/div>\n<div class=\"fusion-clearfix\"><\/div><\/div><\/div><\/div><style type=\"text\/css\">.fusion-fullwidth.fusion-builder-row-1 { overflow:visible; }<\/style><\/div><\/p>\n","protected":false},"excerpt":{"rendered":"<p>HIST\u00d3RICO: A Allianz Seguros foi criada pelo especialista em seguros Carl Thieme e o banqueiro Whilhem Finck. O nome vem do alem\u00e3o e significa Alian\u00e7a uma palavra que os clientes sabem o significado e a for\u00e7a. Quem \u00e9 o Grupo Allianz SE? Todo esse carinho, proximidade e foco, geram resultados, para o Grupo Allianz e [&hellip;]<\/p>\n","protected":false},"author":2,"featured_media":10019,"parent":0,"menu_order":0,"comment_status":"closed","ping_status":"closed","template":"","meta":{"_exactmetrics_skip_tracking":false,"_exactmetrics_sitenote_active":false,"_exactmetrics_sitenote_note":"","_exactmetrics_sitenote_category":0,"_joinchat":[],"footnotes":""},"class_list":["post-9876","page","type-page","status-publish","has-post-thumbnail","hentry"],"yoast_head":"<!-- This site is optimized with the Yoast SEO plugin v23.2 - https:\/\/yoast.com\/wordpress\/plugins\/seo\/ -->\n<title>ALLIANZ SEGUROS - Seguro de carros - Seguro F\u00e1cil Brasil<\/title>\n<meta name=\"description\" content=\"Allianz Seguros; Seguro F\u00e1cil Brasil; Seguro para carro; Seguro auto; Azul Seguros; Azul; Porto Seguro; Assist\u00eancia 24 horas; seguro barato; seguro online\" \/>\n<meta name=\"robots\" content=\"index, follow, max-snippet:-1, max-image-preview:large, max-video-preview:-1\" \/>\n<link rel=\"canonical\" href=\"https:\/\/segurofacilbrasil.com.br\/newsite\/allianz-seguros-allianz-seguros\/\" \/>\n<meta property=\"og:locale\" content=\"pt_BR\" \/>\n<meta property=\"og:type\" content=\"article\" \/>\n<meta property=\"og:title\" content=\"ALLIANZ SEGUROS - Seguro de carros - Seguro F\u00e1cil Brasil\" \/>\n<meta property=\"og:description\" content=\"Allianz Seguros; Seguro F\u00e1cil Brasil; Seguro para carro; Seguro auto; Azul Seguros; Azul; Porto Seguro; Assist\u00eancia 24 horas; seguro barato; seguro online\" \/>\n<meta property=\"og:url\" content=\"https:\/\/segurofacilbrasil.com.br\/newsite\/allianz-seguros-allianz-seguros\/\" \/>\n<meta property=\"og:site_name\" content=\"Seguro de carros - Seguro F\u00e1cil Brasil\" \/>\n<meta property=\"article:modified_time\" content=\"2020-07-09T20:46:37+00:00\" \/>\n<meta property=\"og:image\" content=\"https:\/\/segurofacilbrasil.com.br\/newsite\/wp-content\/uploads\/2016\/07\/Allianz-Seguros.png\" \/>\n\t<meta property=\"og:image:width\" content=\"2000\" \/>\n\t<meta property=\"og:image:height\" content=\"893\" \/>\n\t<meta property=\"og:image:type\" content=\"image\/png\" \/>\n<meta name=\"twitter:label1\" content=\"Est. tempo de leitura\" \/>\n\t<meta name=\"twitter:data1\" content=\"3 minutos\" \/>\n<script type=\"application\/ld+json\" class=\"yoast-schema-graph\">{\"@context\":\"https:\/\/schema.org\",\"@graph\":[{\"@type\":\"WebPage\",\"@id\":\"https:\/\/segurofacilbrasil.com.br\/newsite\/allianz-seguros-allianz-seguros\/\",\"url\":\"https:\/\/segurofacilbrasil.com.br\/newsite\/allianz-seguros-allianz-seguros\/\",\"name\":\"ALLIANZ SEGUROS - Seguro de carros - Seguro F\u00e1cil Brasil\",\"isPartOf\":{\"@id\":\"https:\/\/segurofacilbrasil.com.br\/newsite\/#website\"},\"primaryImageOfPage\":{\"@id\":\"https:\/\/segurofacilbrasil.com.br\/newsite\/allianz-seguros-allianz-seguros\/#primaryimage\"},\"image\":{\"@id\":\"https:\/\/segurofacilbrasil.com.br\/newsite\/allianz-seguros-allianz-seguros\/#primaryimage\"},\"thumbnailUrl\":\"https:\/\/segurofacilbrasil.com.br\/newsite\/wp-content\/uploads\/2016\/07\/Allianz-Seguros.png\",\"datePublished\":\"2016-07-23T00:50:53+00:00\",\"dateModified\":\"2020-07-09T20:46:37+00:00\",\"description\":\"Allianz Seguros; Seguro F\u00e1cil Brasil; Seguro para carro; Seguro auto; Azul Seguros; Azul; Porto Seguro; Assist\u00eancia 24 horas; seguro barato; seguro online\",\"breadcrumb\":{\"@id\":\"https:\/\/segurofacilbrasil.com.br\/newsite\/allianz-seguros-allianz-seguros\/#breadcrumb\"},\"inLanguage\":\"pt-BR\",\"potentialAction\":[{\"@type\":\"ReadAction\",\"target\":[\"https:\/\/segurofacilbrasil.com.br\/newsite\/allianz-seguros-allianz-seguros\/\"]}]},{\"@type\":\"ImageObject\",\"inLanguage\":\"pt-BR\",\"@id\":\"https:\/\/segurofacilbrasil.com.br\/newsite\/allianz-seguros-allianz-seguros\/#primaryimage\",\"url\":\"https:\/\/segurofacilbrasil.com.br\/newsite\/wp-content\/uploads\/2016\/07\/Allianz-Seguros.png\",\"contentUrl\":\"https:\/\/segurofacilbrasil.com.br\/newsite\/wp-content\/uploads\/2016\/07\/Allianz-Seguros.png\",\"width\":2000,\"height\":893},{\"@type\":\"BreadcrumbList\",\"@id\":\"https:\/\/segurofacilbrasil.com.br\/newsite\/allianz-seguros-allianz-seguros\/#breadcrumb\",\"itemListElement\":[{\"@type\":\"ListItem\",\"position\":1,\"name\":\"In\u00edcio\",\"item\":\"https:\/\/segurofacilbrasil.com.br\/newsite\/\"},{\"@type\":\"ListItem\",\"position\":2,\"name\":\"ALLIANZ SEGUROS\"}]},{\"@type\":\"WebSite\",\"@id\":\"https:\/\/segurofacilbrasil.com.br\/newsite\/#website\",\"url\":\"https:\/\/segurofacilbrasil.com.br\/newsite\/\",\"name\":\"Seguro de carros - Seguro F\u00e1cil Brasil\",\"description\":\"Aqui \u00e9 assim! Seguro!\",\"potentialAction\":[{\"@type\":\"SearchAction\",\"target\":{\"@type\":\"EntryPoint\",\"urlTemplate\":\"https:\/\/segurofacilbrasil.com.br\/newsite\/?s={search_term_string}\"},\"query-input\":\"required name=search_term_string\"}],\"inLanguage\":\"pt-BR\"}]}<\/script>\n<!-- \/ Yoast SEO plugin. -->","yoast_head_json":{"title":"ALLIANZ SEGUROS - Seguro de carros - Seguro F\u00e1cil Brasil","description":"Allianz Seguros; Seguro F\u00e1cil Brasil; Seguro para carro; Seguro auto; Azul Seguros; Azul; Porto Seguro; Assist\u00eancia 24 horas; seguro barato; seguro online","robots":{"index":"index","follow":"follow","max-snippet":"max-snippet:-1","max-image-preview":"max-image-preview:large","max-video-preview":"max-video-preview:-1"},"canonical":"https:\/\/segurofacilbrasil.com.br\/newsite\/allianz-seguros-allianz-seguros\/","og_locale":"pt_BR","og_type":"article","og_title":"ALLIANZ SEGUROS - Seguro de carros - Seguro F\u00e1cil Brasil","og_description":"Allianz Seguros; Seguro F\u00e1cil Brasil; Seguro para carro; Seguro auto; Azul Seguros; Azul; Porto Seguro; Assist\u00eancia 24 horas; seguro barato; seguro online","og_url":"https:\/\/segurofacilbrasil.com.br\/newsite\/allianz-seguros-allianz-seguros\/","og_site_name":"Seguro de carros - Seguro F\u00e1cil Brasil","article_modified_time":"2020-07-09T20:46:37+00:00","og_image":[{"width":2000,"height":893,"url":"https:\/\/segurofacilbrasil.com.br\/newsite\/wp-content\/uploads\/2016\/07\/Allianz-Seguros.png","type":"image\/png"}],"twitter_misc":{"Est. tempo de leitura":"3 minutos"},"schema":{"@context":"https:\/\/schema.org","@graph":[{"@type":"WebPage","@id":"https:\/\/segurofacilbrasil.com.br\/newsite\/allianz-seguros-allianz-seguros\/","url":"https:\/\/segurofacilbrasil.com.br\/newsite\/allianz-seguros-allianz-seguros\/","name":"ALLIANZ SEGUROS - Seguro de carros - Seguro F\u00e1cil Brasil","isPartOf":{"@id":"https:\/\/segurofacilbrasil.com.br\/newsite\/#website"},"primaryImageOfPage":{"@id":"https:\/\/segurofacilbrasil.com.br\/newsite\/allianz-seguros-allianz-seguros\/#primaryimage"},"image":{"@id":"https:\/\/segurofacilbrasil.com.br\/newsite\/allianz-seguros-allianz-seguros\/#primaryimage"},"thumbnailUrl":"https:\/\/segurofacilbrasil.com.br\/newsite\/wp-content\/uploads\/2016\/07\/Allianz-Seguros.png","datePublished":"2016-07-23T00:50:53+00:00","dateModified":"2020-07-09T20:46:37+00:00","description":"Allianz Seguros; Seguro F\u00e1cil Brasil; Seguro para carro; Seguro auto; Azul Seguros; Azul; Porto Seguro; Assist\u00eancia 24 horas; seguro barato; seguro online","breadcrumb":{"@id":"https:\/\/segurofacilbrasil.com.br\/newsite\/allianz-seguros-allianz-seguros\/#breadcrumb"},"inLanguage":"pt-BR","potentialAction":[{"@type":"ReadAction","target":["https:\/\/segurofacilbrasil.com.br\/newsite\/allianz-seguros-allianz-seguros\/"]}]},{"@type":"ImageObject","inLanguage":"pt-BR","@id":"https:\/\/segurofacilbrasil.com.br\/newsite\/allianz-seguros-allianz-seguros\/#primaryimage","url":"https:\/\/segurofacilbrasil.com.br\/newsite\/wp-content\/uploads\/2016\/07\/Allianz-Seguros.png","contentUrl":"https:\/\/segurofacilbrasil.com.br\/newsite\/wp-content\/uploads\/2016\/07\/Allianz-Seguros.png","width":2000,"height":893},{"@type":"BreadcrumbList","@id":"https:\/\/segurofacilbrasil.com.br\/newsite\/allianz-seguros-allianz-seguros\/#breadcrumb","itemListElement":[{"@type":"ListItem","position":1,"name":"In\u00edcio","item":"https:\/\/segurofacilbrasil.com.br\/newsite\/"},{"@type":"ListItem","position":2,"name":"ALLIANZ SEGUROS"}]},{"@type":"WebSite","@id":"https:\/\/segurofacilbrasil.com.br\/newsite\/#website","url":"https:\/\/segurofacilbrasil.com.br\/newsite\/","name":"Seguro de carros - Seguro F\u00e1cil Brasil","description":"Aqui \u00e9 assim! Seguro!","potentialAction":[{"@type":"SearchAction","target":{"@type":"EntryPoint","urlTemplate":"https:\/\/segurofacilbrasil.com.br\/newsite\/?s={search_term_string}"},"query-input":"required name=search_term_string"}],"inLanguage":"pt-BR"}]}},"_links":{"self":[{"href":"https:\/\/segurofacilbrasil.com.br\/newsite\/wp-json\/wp\/v2\/pages\/9876"}],"collection":[{"href":"https:\/\/segurofacilbrasil.com.br\/newsite\/wp-json\/wp\/v2\/pages"}],"about":[{"href":"https:\/\/segurofacilbrasil.com.br\/newsite\/wp-json\/wp\/v2\/types\/page"}],"author":[{"embeddable":true,"href":"https:\/\/segurofacilbrasil.com.br\/newsite\/wp-json\/wp\/v2\/users\/2"}],"replies":[{"embeddable":true,"href":"https:\/\/segurofacilbrasil.com.br\/newsite\/wp-json\/wp\/v2\/comments?post=9876"}],"version-history":[{"count":19,"href":"https:\/\/segurofacilbrasil.com.br\/newsite\/wp-json\/wp\/v2\/pages\/9876\/revisions"}],"predecessor-version":[{"id":17913,"href":"https:\/\/segurofacilbrasil.com.br\/newsite\/wp-json\/wp\/v2\/pages\/9876\/revisions\/17913"}],"wp:featuredmedia":[{"embeddable":true,"href":"https:\/\/segurofacilbrasil.com.br\/newsite\/wp-json\/wp\/v2\/media\/10019"}],"wp:attachment":[{"href":"https:\/\/segurofacilbrasil.com.br\/newsite\/wp-json\/wp\/v2\/media?parent=9876"}],"curies":[{"name":"wp","href":"https:\/\/api.w.org\/{rel}","templated":true}]}}