{"id":9891,"date":"2016-07-23T04:43:39","date_gmt":"2016-07-23T01:43:39","guid":{"rendered":"http:\/\/segurofacilbrasil.com.br\/newsite\/?page_id=9891"},"modified":"2020-07-09T23:46:37","modified_gmt":"2020-07-09T20:46:37","slug":"liberty-seguros","status":"publish","type":"page","link":"https:\/\/segurofacilbrasil.com.br\/newsite\/liberty-seguros\/","title":{"rendered":"LIBERTY SEGUROS"},"content":{"rendered":"<p style=\"text-align: center;\"><a href=\"http:\/\/segurofacilbrasil.com.br\/newsite\/wp-content\/uploads\/2016\/07\/Liberty-Seguros.gif\"><img decoding=\"async\" class=\"alignnone size-medium wp-image-10199\" src=\"http:\/\/segurofacilbrasil.com.br\/newsite\/wp-content\/uploads\/2016\/07\/Liberty-Seguros-300x180.gif\" alt=\"Liberty Seguros\" width=\"300\" height=\"180\" srcset=\"https:\/\/segurofacilbrasil.com.br\/newsite\/wp-content\/uploads\/2016\/07\/Liberty-Seguros-200x120.gif 200w, https:\/\/segurofacilbrasil.com.br\/newsite\/wp-content\/uploads\/2016\/07\/Liberty-Seguros-300x180.gif 300w, https:\/\/segurofacilbrasil.com.br\/newsite\/wp-content\/uploads\/2016\/07\/Liberty-Seguros-400x240.gif 400w, https:\/\/segurofacilbrasil.com.br\/newsite\/wp-content\/uploads\/2016\/07\/Liberty-Seguros.gif 600w\" sizes=\"(max-width: 300px) 100vw, 300px\" \/><\/a><\/p>\n<h2 style=\"text-align: justify;\">HIST\u00d3RICO:<\/h2>\n<h3 style=\"text-align: justify;\">Grupo Liberty Mutual:<\/h3>\n<p style=\"text-align: justify;\">Fundada no ano de 1912 em Boston, EUA, como uma companhia especializada em seguros e servi\u00e7os financeiros, a Liberty Mutual consolidou-se na atua\u00e7\u00e3o no ramo de seguros elementares.<\/p>\n<p style=\"text-align: justify;\">Atualmente, ocupa a 5\u00aa posi\u00e7\u00e3o no ranking das maiores seguradoras americanas de ramos elementares.<\/p>\n<p style=\"text-align: justify;\"><div class=\"fusion-fullwidth fullwidth-box fusion-builder-row-1 hundred-percent-fullwidth non-hundred-percent-height-scrolling\" style=\"background-color: rgba(255,255,255,0);background-position: center center;background-repeat: no-repeat;padding-top:0px;padding-right:0px;padding-bottom:0px;padding-left:0px;margin-bottom: 0px;margin-top: 0px;border-width: 0px 0px 0px 0px;border-color:#eae9e9;border-style:solid;\" ><div class=\"fusion-builder-row fusion-row\"><div class=\"fusion-layout-column fusion_builder_column fusion-builder-column-0 fusion_builder_column_1_1 1_1 fusion-one-full fusion-column-first fusion-column-last fusion-column-no-min-height\" style=\"margin-top:0px;margin-bottom:0px;\"><div class=\"fusion-column-wrapper fusion-flex-column-wrapper-legacy\" style=\"background-position:left top;background-repeat:no-repeat;-webkit-background-size:cover;-moz-background-size:cover;-o-background-size:cover;background-size:cover;padding: 0px 0px 0px 0px;\"><div class=\"fusion-aligncenter\"><a class=\"fusion-button button-flat fusion-button-default-size button-darkgreen button-1 fusion-button-default-span fusion-button-default-type\" target=\"_self\" href=\"https:\/\/segurofacilbrasil.com.br\/newsite\/cotacao-de-seguro-para-carro\/\"><span class=\"fusion-button-text\">Solicite a cota\u00e7\u00e3o de Seguro para seu carro<\/span><\/a><\/div>\n<h3 style=\"text-align: justify;\">Liberty International:<\/h3>\n<p style=\"text-align: justify;\">Nos \u00faltimos anos, o Grupo tem se voltado para sua expans\u00e3o no mercado mundial, com incrementos em suas opera\u00e7\u00f5es em todo o mundo.<\/p>\n<p style=\"text-align: justify;\">Mesmo diante das recentes crises, a Liberty vem mantendo \u00f3timas taxas de crescimento nos EUA, refor\u00e7ando\u00a0a presen\u00e7a mundial.<\/p>\n<p style=\"text-align: justify;\">No ano de 2009, destacou-se como a primeira seguradora americana de ramos elementares (Property &amp; Casualty).<\/p>\n<p style=\"text-align: justify;\">Atualmente, a Liberty International \u00e9 a 2\u00aa maior empresa internacional americana, com 8.900 funcion\u00e1rios, com receita de US$ 7,6 bilh\u00f5es.<\/p>\n<p style=\"text-align: justify;\">Em\u00a01906, quando S\u00e3o Paulo despontava como capital financeira, foi fundada a Companhia Paulista de Seguros Mar\u00edtimos e Terrestres.<\/p>\n<p style=\"text-align: justify;\">Em apenas tr\u00eas anos, a companhia apresentou um crescimento extraordin\u00e1rio, inaugurando filiais em Santos, Campinas e Rio de Janeiro.<\/p>\n<p style=\"text-align: justify;\">Em 2000, adotou a denomina\u00e7\u00e3o de Liberty Paulista Seguros, e recebeu investimentos em tecnologia, treinamento de profissionais e desenvolvimento de novos produtos e servi\u00e7os.<\/p>\n<p style=\"text-align: justify;\">Em 2006, alinhada com\u00a0\u00e0s estrat\u00e9gias e pr\u00e1ticas do Grupo Liberty Mutual, a companhia adotou\u00a0o nome Liberty Seguros S\/A.<\/p>\n<p style=\"text-align: justify;\">Ao longo dos anos, a companhia vem consolidando uma s\u00f3lida estrat\u00e9gia multimarca e multicanal, com foco no cliente.<\/p>\n<p style=\"text-align: justify;\">Em 2008, o Grupo adquiriu a Indiana Seguros, conquistando, assim, forte presen\u00e7a no Canal Concession\u00e1rias.<\/p>\n<p style=\"text-align: justify;\">Nos \u00faltimos anos, a companhia expandiu sua presen\u00e7a no mercado nacional e tem tra\u00e7ado um caminho assertivo rumo \u00e0 lideran\u00e7a de mercado.<\/p>\n<p style=\"text-align: justify;\">Gra\u00e7as ao trabalho integrado de seus diversos canais, a Liberty Seguros est\u00e1 entre as maiores companhias de seguros do Brasil,<\/p>\n<p style=\"text-align: justify;\">Em\u00a02010 tornou-se a maior opera\u00e7\u00e3o internacional do Grupo Liberty Mutual.<\/p>\n<p style=\"text-align: justify;\">No mercado nacional, ela est\u00e1\u00a0como a 5\u00aa maior seguradora de autom\u00f3veis do pa\u00eds, com mais 1 milh\u00e3o de ve\u00edculos segurados.<\/p>\n<h3>Seguro F\u00e1cil Brasil<\/h3>\n<p>A <span style=\"color: #008000;\"><strong>Seguro F\u00e1cil Brasil<\/strong><\/span>, localizada em\u00a0Campinas, conta com profissionais com mais de 20 anos de experi\u00eancia em\u00a0Seguros.<\/p>\n<p>Trabalhamos com a Liberty\u00a0Seguros pois \u00e9 considerada uma das grandes Seguradoras no mercado Brasileiro.<\/p>\n<p>A cota\u00e7\u00e3o de seguro pode ser realizada com toda comodidade atrav\u00e9s de nosso sistema de cota\u00e7\u00e3o de seguro online.<\/p>\n<p>Acesse a p\u00e1gina <a href=\"http:\/\/www.segurofacilbrasil.com.br\">www.segurofacilbrasil.com.br<\/a> , ou ligue: 0300 772 1234 \/ (19) 3790-1414 ou visite nossas instala\u00e7\u00f5es na R. Am\u00e9rico de Moura, 512 \u2013 CEP 13076-628 \u2013 cidade de Campinas \/SP.<\/p>\n<p>&nbsp;<\/p>\n<div class=\"fusion-aligncenter\"><a class=\"fusion-button button-flat fusion-button-default-size button-darkgreen button-2 fusion-button-default-span fusion-button-default-type\" target=\"_self\" href=\"https:\/\/segurofacilbrasil.com.br\/newsite\/cotacao-de-seguro-para-carro\/\"><span class=\"fusion-button-text\">Solicite a cota\u00e7\u00e3o de Seguro para seu carro<\/span><\/a><\/div>\n<p>&nbsp;<div class=\"fusion-clearfix\"><\/div><\/div><\/div><\/div><style type=\"text\/css\">.fusion-fullwidth.fusion-builder-row-1 { overflow:visible; }<\/style><\/div><\/p>\n","protected":false},"excerpt":{"rendered":"<p>HIST\u00d3RICO: Grupo Liberty Mutual: Fundada no ano de 1912 em Boston, EUA, como uma companhia especializada em seguros e servi\u00e7os financeiros, a Liberty Mutual consolidou-se na atua\u00e7\u00e3o no ramo de seguros elementares. Atualmente, ocupa a 5\u00aa posi\u00e7\u00e3o no ranking das maiores seguradoras americanas de ramos elementares.<\/p>\n","protected":false},"author":2,"featured_media":10199,"parent":0,"menu_order":0,"comment_status":"closed","ping_status":"closed","template":"","meta":{"_exactmetrics_skip_tracking":false,"_exactmetrics_sitenote_active":false,"_exactmetrics_sitenote_note":"","_exactmetrics_sitenote_category":0,"_joinchat":[],"footnotes":""},"class_list":["post-9891","page","type-page","status-publish","has-post-thumbnail","hentry"],"yoast_head":"<!-- This site is optimized with the Yoast SEO plugin v23.2 - https:\/\/yoast.com\/wordpress\/plugins\/seo\/ -->\n<title>LIBERTY SEGUROS - Seguro de carros - Seguro F\u00e1cil Brasil<\/title>\n<meta name=\"description\" content=\"LIBERTY SEGUROS; SEGURO F\u00c1CIL BRASIL; SEGURO ONLINE; COTA\u00c7\u00c3O DE SEGURO; SIMULA\u00c7\u00c3O DE SEGURO; SEGURO BARATO; SEGURO CARRO;\" \/>\n<meta name=\"robots\" content=\"index, follow, max-snippet:-1, max-image-preview:large, max-video-preview:-1\" \/>\n<link rel=\"canonical\" href=\"https:\/\/segurofacilbrasil.com.br\/newsite\/liberty-seguros\/\" \/>\n<meta property=\"og:locale\" content=\"pt_BR\" \/>\n<meta property=\"og:type\" content=\"article\" \/>\n<meta property=\"og:title\" content=\"LIBERTY SEGUROS - Seguro de carros - Seguro F\u00e1cil Brasil\" \/>\n<meta property=\"og:description\" content=\"LIBERTY SEGUROS; SEGURO F\u00c1CIL BRASIL; SEGURO ONLINE; COTA\u00c7\u00c3O DE SEGURO; SIMULA\u00c7\u00c3O DE SEGURO; SEGURO BARATO; SEGURO CARRO;\" \/>\n<meta property=\"og:url\" content=\"https:\/\/segurofacilbrasil.com.br\/newsite\/liberty-seguros\/\" \/>\n<meta property=\"og:site_name\" content=\"Seguro de carros - Seguro F\u00e1cil Brasil\" \/>\n<meta property=\"article:modified_time\" content=\"2020-07-09T20:46:37+00:00\" \/>\n<meta property=\"og:image\" content=\"https:\/\/segurofacilbrasil.com.br\/newsite\/wp-content\/uploads\/2016\/07\/Liberty-Seguros.gif\" \/>\n\t<meta property=\"og:image:width\" content=\"600\" \/>\n\t<meta property=\"og:image:height\" content=\"360\" \/>\n\t<meta property=\"og:image:type\" content=\"image\/gif\" \/>\n<meta name=\"twitter:label1\" content=\"Est. tempo de leitura\" \/>\n\t<meta name=\"twitter:data1\" content=\"3 minutos\" \/>\n<script type=\"application\/ld+json\" class=\"yoast-schema-graph\">{\"@context\":\"https:\/\/schema.org\",\"@graph\":[{\"@type\":\"WebPage\",\"@id\":\"https:\/\/segurofacilbrasil.com.br\/newsite\/liberty-seguros\/\",\"url\":\"https:\/\/segurofacilbrasil.com.br\/newsite\/liberty-seguros\/\",\"name\":\"LIBERTY SEGUROS - Seguro de carros - Seguro F\u00e1cil Brasil\",\"isPartOf\":{\"@id\":\"https:\/\/segurofacilbrasil.com.br\/newsite\/#website\"},\"primaryImageOfPage\":{\"@id\":\"https:\/\/segurofacilbrasil.com.br\/newsite\/liberty-seguros\/#primaryimage\"},\"image\":{\"@id\":\"https:\/\/segurofacilbrasil.com.br\/newsite\/liberty-seguros\/#primaryimage\"},\"thumbnailUrl\":\"https:\/\/segurofacilbrasil.com.br\/newsite\/wp-content\/uploads\/2016\/07\/Liberty-Seguros.gif\",\"datePublished\":\"2016-07-23T01:43:39+00:00\",\"dateModified\":\"2020-07-09T20:46:37+00:00\",\"description\":\"LIBERTY SEGUROS; SEGURO F\u00c1CIL BRASIL; SEGURO ONLINE; COTA\u00c7\u00c3O DE SEGURO; SIMULA\u00c7\u00c3O DE SEGURO; SEGURO BARATO; SEGURO CARRO;\",\"breadcrumb\":{\"@id\":\"https:\/\/segurofacilbrasil.com.br\/newsite\/liberty-seguros\/#breadcrumb\"},\"inLanguage\":\"pt-BR\",\"potentialAction\":[{\"@type\":\"ReadAction\",\"target\":[\"https:\/\/segurofacilbrasil.com.br\/newsite\/liberty-seguros\/\"]}]},{\"@type\":\"ImageObject\",\"inLanguage\":\"pt-BR\",\"@id\":\"https:\/\/segurofacilbrasil.com.br\/newsite\/liberty-seguros\/#primaryimage\",\"url\":\"https:\/\/segurofacilbrasil.com.br\/newsite\/wp-content\/uploads\/2016\/07\/Liberty-Seguros.gif\",\"contentUrl\":\"https:\/\/segurofacilbrasil.com.br\/newsite\/wp-content\/uploads\/2016\/07\/Liberty-Seguros.gif\",\"width\":600,\"height\":360},{\"@type\":\"BreadcrumbList\",\"@id\":\"https:\/\/segurofacilbrasil.com.br\/newsite\/liberty-seguros\/#breadcrumb\",\"itemListElement\":[{\"@type\":\"ListItem\",\"position\":1,\"name\":\"In\u00edcio\",\"item\":\"https:\/\/segurofacilbrasil.com.br\/newsite\/\"},{\"@type\":\"ListItem\",\"position\":2,\"name\":\"LIBERTY SEGUROS\"}]},{\"@type\":\"WebSite\",\"@id\":\"https:\/\/segurofacilbrasil.com.br\/newsite\/#website\",\"url\":\"https:\/\/segurofacilbrasil.com.br\/newsite\/\",\"name\":\"Seguro de carros - Seguro F\u00e1cil Brasil\",\"description\":\"Aqui \u00e9 assim! Seguro!\",\"potentialAction\":[{\"@type\":\"SearchAction\",\"target\":{\"@type\":\"EntryPoint\",\"urlTemplate\":\"https:\/\/segurofacilbrasil.com.br\/newsite\/?s={search_term_string}\"},\"query-input\":\"required name=search_term_string\"}],\"inLanguage\":\"pt-BR\"}]}<\/script>\n<!-- \/ Yoast SEO plugin. -->","yoast_head_json":{"title":"LIBERTY SEGUROS - Seguro de carros - Seguro F\u00e1cil Brasil","description":"LIBERTY SEGUROS; SEGURO F\u00c1CIL BRASIL; SEGURO ONLINE; COTA\u00c7\u00c3O DE SEGURO; SIMULA\u00c7\u00c3O DE SEGURO; SEGURO BARATO; SEGURO CARRO;","robots":{"index":"index","follow":"follow","max-snippet":"max-snippet:-1","max-image-preview":"max-image-preview:large","max-video-preview":"max-video-preview:-1"},"canonical":"https:\/\/segurofacilbrasil.com.br\/newsite\/liberty-seguros\/","og_locale":"pt_BR","og_type":"article","og_title":"LIBERTY SEGUROS - Seguro de carros - Seguro F\u00e1cil Brasil","og_description":"LIBERTY SEGUROS; SEGURO F\u00c1CIL BRASIL; SEGURO ONLINE; COTA\u00c7\u00c3O DE SEGURO; SIMULA\u00c7\u00c3O DE SEGURO; SEGURO BARATO; SEGURO CARRO;","og_url":"https:\/\/segurofacilbrasil.com.br\/newsite\/liberty-seguros\/","og_site_name":"Seguro de carros - Seguro F\u00e1cil Brasil","article_modified_time":"2020-07-09T20:46:37+00:00","og_image":[{"width":600,"height":360,"url":"https:\/\/segurofacilbrasil.com.br\/newsite\/wp-content\/uploads\/2016\/07\/Liberty-Seguros.gif","type":"image\/gif"}],"twitter_misc":{"Est. tempo de leitura":"3 minutos"},"schema":{"@context":"https:\/\/schema.org","@graph":[{"@type":"WebPage","@id":"https:\/\/segurofacilbrasil.com.br\/newsite\/liberty-seguros\/","url":"https:\/\/segurofacilbrasil.com.br\/newsite\/liberty-seguros\/","name":"LIBERTY SEGUROS - Seguro de carros - Seguro F\u00e1cil Brasil","isPartOf":{"@id":"https:\/\/segurofacilbrasil.com.br\/newsite\/#website"},"primaryImageOfPage":{"@id":"https:\/\/segurofacilbrasil.com.br\/newsite\/liberty-seguros\/#primaryimage"},"image":{"@id":"https:\/\/segurofacilbrasil.com.br\/newsite\/liberty-seguros\/#primaryimage"},"thumbnailUrl":"https:\/\/segurofacilbrasil.com.br\/newsite\/wp-content\/uploads\/2016\/07\/Liberty-Seguros.gif","datePublished":"2016-07-23T01:43:39+00:00","dateModified":"2020-07-09T20:46:37+00:00","description":"LIBERTY SEGUROS; SEGURO F\u00c1CIL BRASIL; SEGURO ONLINE; COTA\u00c7\u00c3O DE SEGURO; SIMULA\u00c7\u00c3O DE SEGURO; SEGURO BARATO; SEGURO CARRO;","breadcrumb":{"@id":"https:\/\/segurofacilbrasil.com.br\/newsite\/liberty-seguros\/#breadcrumb"},"inLanguage":"pt-BR","potentialAction":[{"@type":"ReadAction","target":["https:\/\/segurofacilbrasil.com.br\/newsite\/liberty-seguros\/"]}]},{"@type":"ImageObject","inLanguage":"pt-BR","@id":"https:\/\/segurofacilbrasil.com.br\/newsite\/liberty-seguros\/#primaryimage","url":"https:\/\/segurofacilbrasil.com.br\/newsite\/wp-content\/uploads\/2016\/07\/Liberty-Seguros.gif","contentUrl":"https:\/\/segurofacilbrasil.com.br\/newsite\/wp-content\/uploads\/2016\/07\/Liberty-Seguros.gif","width":600,"height":360},{"@type":"BreadcrumbList","@id":"https:\/\/segurofacilbrasil.com.br\/newsite\/liberty-seguros\/#breadcrumb","itemListElement":[{"@type":"ListItem","position":1,"name":"In\u00edcio","item":"https:\/\/segurofacilbrasil.com.br\/newsite\/"},{"@type":"ListItem","position":2,"name":"LIBERTY SEGUROS"}]},{"@type":"WebSite","@id":"https:\/\/segurofacilbrasil.com.br\/newsite\/#website","url":"https:\/\/segurofacilbrasil.com.br\/newsite\/","name":"Seguro de carros - Seguro F\u00e1cil Brasil","description":"Aqui \u00e9 assim! Seguro!","potentialAction":[{"@type":"SearchAction","target":{"@type":"EntryPoint","urlTemplate":"https:\/\/segurofacilbrasil.com.br\/newsite\/?s={search_term_string}"},"query-input":"required name=search_term_string"}],"inLanguage":"pt-BR"}]}},"_links":{"self":[{"href":"https:\/\/segurofacilbrasil.com.br\/newsite\/wp-json\/wp\/v2\/pages\/9891"}],"collection":[{"href":"https:\/\/segurofacilbrasil.com.br\/newsite\/wp-json\/wp\/v2\/pages"}],"about":[{"href":"https:\/\/segurofacilbrasil.com.br\/newsite\/wp-json\/wp\/v2\/types\/page"}],"author":[{"embeddable":true,"href":"https:\/\/segurofacilbrasil.com.br\/newsite\/wp-json\/wp\/v2\/users\/2"}],"replies":[{"embeddable":true,"href":"https:\/\/segurofacilbrasil.com.br\/newsite\/wp-json\/wp\/v2\/comments?post=9891"}],"version-history":[{"count":7,"href":"https:\/\/segurofacilbrasil.com.br\/newsite\/wp-json\/wp\/v2\/pages\/9891\/revisions"}],"predecessor-version":[{"id":17912,"href":"https:\/\/segurofacilbrasil.com.br\/newsite\/wp-json\/wp\/v2\/pages\/9891\/revisions\/17912"}],"wp:featuredmedia":[{"embeddable":true,"href":"https:\/\/segurofacilbrasil.com.br\/newsite\/wp-json\/wp\/v2\/media\/10199"}],"wp:attachment":[{"href":"https:\/\/segurofacilbrasil.com.br\/newsite\/wp-json\/wp\/v2\/media?parent=9891"}],"curies":[{"name":"wp","href":"https:\/\/api.w.org\/{rel}","templated":true}]}}